{"id":102,"date":"2018-09-30T09:28:11","date_gmt":"2018-09-30T09:28:11","guid":{"rendered":"http:\/\/www.radnotiiskola.hu\/new\/?page_id=102"},"modified":"2018-10-01T06:34:58","modified_gmt":"2018-10-01T06:34:58","slug":"osztalytalalkozo-2012-13","status":"publish","type":"page","link":"http:\/\/www.radnotiiskola.hu\/new\/osztalytalalkozo-2012-13\/","title":{"rendered":"Oszt\u00e1lytal\u00e1lkoz\u00f3 2015-16"},"content":{"rendered":"<p><a href=\"http:\/\/www.radnotiiskola.hu\/web\/index.php?option=com_content&amp;view=article&amp;id=459&amp;Itemid=80\">Oszt\u00e1lytal\u00e1lkoz\u00f3 2015. november 28.<\/a><\/p>\n<p><a href=\"http:\/\/www.radnotiiskola.hu\/web\/index.php?option=com_content&amp;view=article&amp;id=523:osztalytalalkozo-2016-junius-11&amp;catid=27:2012-2013&amp;Itemid=45\">Oszt\u00e1lytal\u00e1lkoz\u00f3\u00a02016. j\u00fanius 11.<\/a><\/p>\n<p><a href=\"http:\/\/www.radnotiiskola.hu\/web\/index.php?option=com_content&amp;view=article&amp;id=558:osztalytalalkozo-2016-junius-11&amp;catid=27:2012-2013&amp;Itemid=96\">Oszt\u00e1lytal\u00e1lkoz\u00f3 2016. junius 18.<\/a><\/p>\n","protected":false},"excerpt":{"rendered":"<p>Oszt\u00e1lytal\u00e1lkoz\u00f3 2015. november 28. Oszt\u00e1lytal\u00e1lkoz\u00f3\u00a02016. j\u00fanius 11. Oszt\u00e1lytal\u00e1lkoz\u00f3 2016. junius 18.<\/p>\n","protected":false},"author":1,"featured_media":0,"parent":0,"menu_order":0,"comment_status":"closed","ping_status":"closed","template":"","meta":{"ngg_post_thumbnail":0,"footnotes":""},"class_list":["post-102","page","type-page","status-publish","hentry"],"_links":{"self":[{"href":"http:\/\/www.radnotiiskola.hu\/new\/wp-json\/wp\/v2\/pages\/102","targetHints":{"allow":["GET"]}}],"collection":[{"href":"http:\/\/www.radnotiiskola.hu\/new\/wp-json\/wp\/v2\/pages"}],"about":[{"href":"http:\/\/www.radnotiiskola.hu\/new\/wp-json\/wp\/v2\/types\/page"}],"author":[{"embeddable":true,"href":"http:\/\/www.radnotiiskola.hu\/new\/wp-json\/wp\/v2\/users\/1"}],"replies":[{"embeddable":true,"href":"http:\/\/www.radnotiiskola.hu\/new\/wp-json\/wp\/v2\/comments?post=102"}],"version-history":[{"count":0,"href":"http:\/\/www.radnotiiskola.hu\/new\/wp-json\/wp\/v2\/pages\/102\/revisions"}],"wp:attachment":[{"href":"http:\/\/www.radnotiiskola.hu\/new\/wp-json\/wp\/v2\/media?parent=102"}],"curies":[{"name":"wp","href":"https:\/\/api.w.org\/{rel}","templated":true}]}}

Osztálytalálkozó 2015-16

<p><a href="http://www.radnotiiskola.hu/web/index.php?option=com_content&amp;view=article&amp;id=459&amp;Itemid=80">Osztálytalálkozó 2015. november 28.</a></p>
<p><a href="http://www.radnotiiskola.hu/web/index.php?option=com_content&amp;view=article&amp;id=523:osztalytalalkozo-2016-junius-11&amp;catid=27:2012-2013&amp;Itemid=45">Osztálytalálkozó 2016. június 11.</a></p>
<p><a href="http://www.radnotiiskola.hu/web/index.php?option=com_content&amp;view=article&amp;id=558:osztalytalalkozo-2016-junius-11&amp;catid=27:2012-2013&amp;Itemid=96">Osztálytalálkozó 2016. junius 18.</a></p>

<p>Osztálytalálkozó 2015. november 28. Osztálytalálkozó 2016. június 11. Osztálytalálkozó 2016. junius 18.</p>
