{"id":117,"date":"2018-09-30T09:36:46","date_gmt":"2018-09-30T09:36:46","guid":{"rendered":"http:\/\/www.radnotiiskola.hu\/new\/?page_id=117"},"modified":"2019-05-15T21:02:49","modified_gmt":"2019-05-15T21:02:49","slug":"kuldetes","status":"publish","type":"page","link":"http:\/\/www.radnotiiskola.hu\/new\/kuldetes\/","title":{"rendered":"K\u00fcldet\u00e9s"},"content":{"rendered":"<p style=\"text-align: justify;\">A gy\u0151ri Radn\u00f3ti Mikl\u00f3s \u00c1ltal\u00e1nos Iskola mellett m\u0171k\u00f6d\u0151, azt t\u00e1mogat\u00f3 Radn\u00f3ti Alap\u00edtv\u00e1nyt 26 term\u00e9szetes \u00e9s 2 jogi szem\u00e9ly, sz\u00fcl\u0151k \u00e9s pedag\u00f3gusok lelkes csoportja alap\u00edtotta 1992-ben, 26 \u00e9vvel ezel\u0151tt.<\/p>\n<p>Milyen tev\u00e9kenys\u00e9gek seg\u00edtett\u00e9k, seg\u00edtik a c\u00e9lok megval\u00f3sul\u00e1s\u00e1t?<\/p>\n<ul>\n<li style=\"text-align: justify;\">a szem\u00e9lyi j\u00f6vedelemad\u00f3 egy sz\u00e1zal\u00e9k\u00e1nak felaj\u00e1nl\u00e1sa<\/li>\n<li style=\"text-align: justify;\">\u00f6nkorm\u00e1nyzati \u00e9s korm\u00e1nyzati szint\u0171 sikeres p\u00e1ly\u00e1zatok<\/li>\n<li style=\"text-align: justify;\">v\u00e1llalkoz\u00e1sok felaj\u00e1nl\u00e1sai<\/li>\n<li style=\"text-align: justify;\">mag\u00e1nszem\u00e9lyek anyagi forr\u00e1sok felaj\u00e1nl\u00e1sai<\/li>\n<li style=\"text-align: justify;\">a tanul\u00f3k \u00e9v v\u00e9gi g\u00e1la m\u0171sor\u00e1ra felaj\u00e1nlott bel\u00e9p\u0151k<\/li>\n<li style=\"text-align: justify;\">a sz\u00fcl\u0151k-nevel\u0151k b\u00e1lj\u00e1nak bev\u00e9tele<\/li>\n<li style=\"text-align: justify;\">de volt m\u00e1r p\u00e9lda arra is, hogy megsz\u0171nt alap\u00edtv\u00e1ny vagyon\u00e1nak t\u00e1rgyi eszk\u00f6zeit \u00f6r\u00f6k\u00f6lte<\/li>\n<\/ul>\n<p style=\"text-align: justify;\">Az Alap\u00edtv\u00e1ny azon dolgozik, hogy c\u00e9ljai a j\u00f6v\u0151ben is megval\u00f3sulhassanak. Ez\u00e9rt tov\u00e1bbra is v\u00e1rja a sz\u00fcl\u0151knek, az iskola volt di\u00e1kjainak, \u00e9s a t\u00e1mogat\u00f3 kedv\u0171 szervezeteknek a seg\u00edts\u00e9g\u00e9t, hogy a gyermekek\u00e9rt \u00e9s az iskol\u00e1\u00e9rt tudjon tev\u00e9kenykedni.<\/p>\n","protected":false},"excerpt":{"rendered":"<p>A gy\u0151ri Radn\u00f3ti Mikl\u00f3s \u00c1ltal\u00e1nos Iskola mellett m\u0171k\u00f6d\u0151, azt t\u00e1mogat\u00f3 Radn\u00f3ti Alap\u00edtv\u00e1nyt 26 term\u00e9szetes \u00e9s 2 jogi szem\u00e9ly, sz\u00fcl\u0151k \u00e9s pedag\u00f3gusok lelkes csoportja alap\u00edtotta 1992-ben, 26 \u00e9vvel ezel\u0151tt. Milyen tev\u00e9kenys\u00e9gek seg\u00edtett\u00e9k, seg\u00edtik a c\u00e9lok megval\u00f3sul\u00e1s\u00e1t? a szem\u00e9lyi j\u00f6vedelemad\u00f3 egy sz\u00e1zal\u00e9k\u00e1nak felaj\u00e1nl\u00e1sa \u00f6nkorm\u00e1nyzati \u00e9s korm\u00e1nyzati szint\u0171 sikeres p\u00e1ly\u00e1zatok v\u00e1llalkoz\u00e1sok felaj\u00e1nl\u00e1sai mag\u00e1nszem\u00e9lyek anyagi forr\u00e1sok felaj\u00e1nl\u00e1sai a tanul\u00f3k [&hellip;]<\/p>\n","protected":false},"author":1,"featured_media":0,"parent":0,"menu_order":0,"comment_status":"closed","ping_status":"closed","template":"","meta":{"ngg_post_thumbnail":0,"footnotes":""},"class_list":["post-117","page","type-page","status-publish","hentry"],"_links":{"self":[{"href":"http:\/\/www.radnotiiskola.hu\/new\/wp-json\/wp\/v2\/pages\/117","targetHints":{"allow":["GET"]}}],"collection":[{"href":"http:\/\/www.radnotiiskola.hu\/new\/wp-json\/wp\/v2\/pages"}],"about":[{"href":"http:\/\/www.radnotiiskola.hu\/new\/wp-json\/wp\/v2\/types\/page"}],"author":[{"embeddable":true,"href":"http:\/\/www.radnotiiskola.hu\/new\/wp-json\/wp\/v2\/users\/1"}],"replies":[{"embeddable":true,"href":"http:\/\/www.radnotiiskola.hu\/new\/wp-json\/wp\/v2\/comments?post=117"}],"version-history":[{"count":0,"href":"http:\/\/www.radnotiiskola.hu\/new\/wp-json\/wp\/v2\/pages\/117\/revisions"}],"wp:attachment":[{"href":"http:\/\/www.radnotiiskola.hu\/new\/wp-json\/wp\/v2\/media?parent=117"}],"curies":[{"name":"wp","href":"https:\/\/api.w.org\/{rel}","templated":true}]}}

Küldetés

<p style="text-align: justify;">A győri Radnóti Miklós Általános Iskola mellett működő, azt támogató Radnóti Alapítványt 26 természetes és 2 jogi személy, szülők és pedagógusok lelkes csoportja alapította 1992-ben, 26 évvel ezelőtt.</p>
<p>Milyen tevékenységek segítették, segítik a célok megvalósulását?</p>
<ul>
<li style="text-align: justify;">a személyi jövedelemadó egy százalékának felajánlása</li>
<li style="text-align: justify;">önkormányzati és kormányzati szintű sikeres pályázatok</li>
<li style="text-align: justify;">vállalkozások felajánlásai</li>
<li style="text-align: justify;">magánszemélyek anyagi források felajánlásai</li>
<li style="text-align: justify;">a tanulók év végi gála műsorára felajánlott belépők</li>
<li style="text-align: justify;">a szülők-nevelők báljának bevétele</li>
<li style="text-align: justify;">de volt már példa arra is, hogy megszűnt alapítvány vagyonának tárgyi eszközeit örökölte</li>
</ul>
<p style="text-align: justify;">Az Alapítvány azon dolgozik, hogy céljai a jövőben is megvalósulhassanak. Ezért továbbra is várja a szülőknek, az iskola volt diákjainak, és a támogató kedvű szervezeteknek a segítségét, hogy a gyermekekért és az iskoláért tudjon tevékenykedni.</p>

<p>A győri Radnóti Miklós Általános Iskola mellett működő, azt támogató Radnóti Alapítványt 26 természetes és 2 jogi személy, szülők és pedagógusok lelkes csoportja alapította 1992-ben, 26 évvel ezelőtt. Milyen tevékenységek segítették, segítik a célok megvalósulását? a személyi jövedelemadó egy százalékának felajánlása önkormányzati és kormányzati szintű sikeres pályázatok vállalkozások felajánlásai magánszemélyek anyagi források felajánlásai a tanulók [&hellip;]</p>
