{"id":119,"date":"2018-09-30T09:36:53","date_gmt":"2018-09-30T09:36:53","guid":{"rendered":"http:\/\/www.radnotiiskola.hu\/new\/?page_id=119"},"modified":"2020-04-05T17:32:40","modified_gmt":"2020-04-05T17:32:40","slug":"1-2","status":"publish","type":"page","link":"http:\/\/www.radnotiiskola.hu\/new\/1-2\/","title":{"rendered":"1%"},"content":{"rendered":"<p style=\"text-align: center;\">&nbsp;<\/p>\n<h3>Kedves T\u00e1mogat\u00f3ink!<\/h3>\n<p style=\"text-align: justify;\">Amennyiben a Gy\u0151ri Radn\u00f3ti Mikl\u00f3s \u00c1ltal\u00e1nos Iskola tanul\u00f3it \u00e9s int\u00e9zm\u00e9nyi k\u00f6rnyezet\u00e9t k\u00edv\u00e1nja t\u00e1mogatni, k\u00e9rem \u00d6nt, hogy ad\u00f3ja 1%-\u00e1t az al\u00e1bbi kedvezm\u00e9nyezett sz\u00e1mra utalja.<\/p>\n<p>Kedvezm\u00e9nyezett adatai:<br \/>\n<strong>Radn\u00f3ti Alap\u00edtv\u00e1ny a Gyermekek\u00e9rt, az iskol\u00e1\u00e9rt<br \/>\n<\/strong><strong>18525852-1-08<\/strong><\/p>\n","protected":false},"excerpt":{"rendered":"<p>&nbsp; Kedves T\u00e1mogat\u00f3ink! Amennyiben a Gy\u0151ri Radn\u00f3ti Mikl\u00f3s \u00c1ltal\u00e1nos Iskola tanul\u00f3it \u00e9s int\u00e9zm\u00e9nyi k\u00f6rnyezet\u00e9t k\u00edv\u00e1nja t\u00e1mogatni, k\u00e9rem \u00d6nt, hogy ad\u00f3ja 1%-\u00e1t az al\u00e1bbi kedvezm\u00e9nyezett sz\u00e1mra utalja. Kedvezm\u00e9nyezett adatai: Radn\u00f3ti Alap\u00edtv\u00e1ny a Gyermekek\u00e9rt, az iskol\u00e1\u00e9rt 18525852-1-08<\/p>\n","protected":false},"author":1,"featured_media":0,"parent":0,"menu_order":0,"comment_status":"closed","ping_status":"closed","template":"","meta":{"ngg_post_thumbnail":0,"footnotes":""},"class_list":["post-119","page","type-page","status-publish","hentry"],"_links":{"self":[{"href":"http:\/\/www.radnotiiskola.hu\/new\/wp-json\/wp\/v2\/pages\/119","targetHints":{"allow":["GET"]}}],"collection":[{"href":"http:\/\/www.radnotiiskola.hu\/new\/wp-json\/wp\/v2\/pages"}],"about":[{"href":"http:\/\/www.radnotiiskola.hu\/new\/wp-json\/wp\/v2\/types\/page"}],"author":[{"embeddable":true,"href":"http:\/\/www.radnotiiskola.hu\/new\/wp-json\/wp\/v2\/users\/1"}],"replies":[{"embeddable":true,"href":"http:\/\/www.radnotiiskola.hu\/new\/wp-json\/wp\/v2\/comments?post=119"}],"version-history":[{"count":0,"href":"http:\/\/www.radnotiiskola.hu\/new\/wp-json\/wp\/v2\/pages\/119\/revisions"}],"wp:attachment":[{"href":"http:\/\/www.radnotiiskola.hu\/new\/wp-json\/wp\/v2\/media?parent=119"}],"curies":[{"name":"wp","href":"https:\/\/api.w.org\/{rel}","templated":true}]}}

<p style="text-align: center;">&nbsp;</p>
<h3>Kedves Támogatóink!</h3>
<p style="text-align: justify;">Amennyiben a Győri Radnóti Miklós Általános Iskola tanulóit és intézményi környezetét kívánja támogatni, kérem Önt, hogy adója 1%-át az alábbi kedvezményezett számra utalja.</p>
<p>Kedvezményezett adatai:<br />
<strong>Radnóti Alapítvány a Gyermekekért, az iskoláért<br />
</strong><strong>18525852-1-08</strong></p>

<p>&nbsp; Kedves Támogatóink! Amennyiben a Győri Radnóti Miklós Általános Iskola tanulóit és intézményi környezetét kívánja támogatni, kérem Önt, hogy adója 1%-át az alábbi kedvezményezett számra utalja. Kedvezményezett adatai: Radnóti Alapítvány a Gyermekekért, az iskoláért 18525852-1-08</p>
