{"id":152,"date":"2018-09-30T09:53:00","date_gmt":"2018-09-30T09:53:00","guid":{"rendered":"http:\/\/www.radnotiiskola.hu\/new\/?page_id=152"},"modified":"2019-06-05T08:29:19","modified_gmt":"2019-06-05T08:29:19","slug":"hatartalanul","status":"publish","type":"page","link":"http:\/\/www.radnotiiskola.hu\/new\/hatartalanul\/","title":{"rendered":"Hat\u00e1rtalanul"},"content":{"rendered":"<h3>2019<\/h3>\n<p>A 7. oszt\u00e1ly ebben az \u00e9vben Erd\u00e9lyben volt a &#8222;Hat\u00e1rtalanul&#8221; p\u00e1ly\u00e1zati program seg\u00edts\u00e9g\u00e9vel.<\/p>\n<ul>\n<li>Az err\u0151l sz\u00f3l\u00f3 &#8222;Kisalf\u00f6ld&#8221; cikk <a href=\"https:\/\/www.kisalfold.hu\/tudosito\/petofi_nyomaban_jartak_a_gyori_radnotisok_erdelyben_-_foto\/2594750\/\" target=\"_blank\" rel=\"noopener\">itt<\/a> tekinthet\u0151 meg.<\/li>\n<li>A kir\u00e1ndulasr\u00f3l k\u00e9sz\u00fclt vide\u00f3t pedig <a href=\"https:\/\/drive.google.com\/file\/d\/1C0YJYY1zJDeM_GXQe_BEC6placVRiIzq\/view?usp=sharing_eil&amp;ts=5cf6bf61\" target=\"_blank\" rel=\"noopener\">itt<\/a> lehet megtekinteni.<\/li>\n<li>A digit\u00e1lis fot\u00f3album <a href=\"https:\/\/drive.google.com\/open?id=1824zztdU5c97g6aCYeWmenBSrGu0Fg2j\" target=\"_blank\" rel=\"noopener\">itt<\/a> nyithat\u00f3 meg.<\/li>\n<\/ul>\n","protected":false},"excerpt":{"rendered":"<p>2019 A 7. oszt\u00e1ly ebben az \u00e9vben Erd\u00e9lyben volt a &#8222;Hat\u00e1rtalanul&#8221; p\u00e1ly\u00e1zati program seg\u00edts\u00e9g\u00e9vel. Az err\u0151l sz\u00f3l\u00f3 &#8222;Kisalf\u00f6ld&#8221; cikk itt tekinthet\u0151 meg. A kir\u00e1ndulasr\u00f3l k\u00e9sz\u00fclt vide\u00f3t pedig itt lehet megtekinteni. A digit\u00e1lis fot\u00f3album itt nyithat\u00f3 meg.<\/p>\n","protected":false},"author":1,"featured_media":0,"parent":0,"menu_order":0,"comment_status":"closed","ping_status":"closed","template":"","meta":{"ngg_post_thumbnail":0,"footnotes":""},"class_list":["post-152","page","type-page","status-publish","hentry"],"_links":{"self":[{"href":"http:\/\/www.radnotiiskola.hu\/new\/wp-json\/wp\/v2\/pages\/152","targetHints":{"allow":["GET"]}}],"collection":[{"href":"http:\/\/www.radnotiiskola.hu\/new\/wp-json\/wp\/v2\/pages"}],"about":[{"href":"http:\/\/www.radnotiiskola.hu\/new\/wp-json\/wp\/v2\/types\/page"}],"author":[{"embeddable":true,"href":"http:\/\/www.radnotiiskola.hu\/new\/wp-json\/wp\/v2\/users\/1"}],"replies":[{"embeddable":true,"href":"http:\/\/www.radnotiiskola.hu\/new\/wp-json\/wp\/v2\/comments?post=152"}],"version-history":[{"count":0,"href":"http:\/\/www.radnotiiskola.hu\/new\/wp-json\/wp\/v2\/pages\/152\/revisions"}],"wp:attachment":[{"href":"http:\/\/www.radnotiiskola.hu\/new\/wp-json\/wp\/v2\/media?parent=152"}],"curies":[{"name":"wp","href":"https:\/\/api.w.org\/{rel}","templated":true}]}}

Határtalanul

<h3>2019</h3>
<p>A 7. osztály ebben az évben Erdélyben volt a &#8222;Határtalanul&#8221; pályázati program segítségével.</p>
<ul>
<li>Az erről szóló &#8222;Kisalföld&#8221; cikk <a href="https://www.kisalfold.hu/tudosito/petofi_nyomaban_jartak_a_gyori_radnotisok_erdelyben_-_foto/2594750/" target="_blank" rel="noopener">itt</a> tekinthető meg.</li>
<li>A kirándulasról készült videót pedig <a href="https://drive.google.com/file/d/1C0YJYY1zJDeM_GXQe_BEC6placVRiIzq/view?usp=sharing_eil&amp;ts=5cf6bf61" target="_blank" rel="noopener">itt</a> lehet megtekinteni.</li>
<li>A digitális fotóalbum <a href="https://drive.google.com/open?id=1824zztdU5c97g6aCYeWmenBSrGu0Fg2j" target="_blank" rel="noopener">itt</a> nyitható meg.</li>
</ul>

<p>2019 A 7. osztály ebben az évben Erdélyben volt a &#8222;Határtalanul&#8221; pályázati program segítségével. Az erről szóló &#8222;Kisalföld&#8221; cikk itt tekinthető meg. A kirándulasról készült videót pedig itt lehet megtekinteni. A digitális fotóalbum itt nyitható meg.</p>
