{"id":1548,"date":"2020-01-20T12:18:44","date_gmt":"2020-01-20T12:18:44","guid":{"rendered":"http:\/\/www.radnotiiskola.hu\/new\/?page_id=1548"},"modified":"2020-01-20T16:41:03","modified_gmt":"2020-01-20T16:41:03","slug":"erdely-2015","status":"publish","type":"page","link":"http:\/\/www.radnotiiskola.hu\/new\/erdely-2015\/","title":{"rendered":"Erd\u00e9ly 2015"},"content":{"rendered":"<p style=\"text-align: justify;\"><img loading=\"lazy\" decoding=\"async\" class=\" wp-image-1549 alignright\" src=\"http:\/\/www.radnotiiskola.hu\/new\/wp-content\/uploads\/2020\/01\/Erd\u00e9ly-2015.png\" alt=\"\" width=\"468\" height=\"351\" srcset=\"http:\/\/www.radnotiiskola.hu\/new\/wp-content\/uploads\/2020\/01\/Erd\u00e9ly-2015.png 706w, http:\/\/www.radnotiiskola.hu\/new\/wp-content\/uploads\/2020\/01\/Erd\u00e9ly-2015-300x225.png 300w\" sizes=\"auto, (max-width: 468px) 100vw, 468px\" \/>Az Emberi Er\u0151forr\u00e1sok Miniszt\u00e9riuma \u00e1ltal meghirdetett, sikeres \u201eHat\u00e1rtalanul\u201d p\u00e1ly\u00e1zatnak k\u00f6sz\u00f6nhet\u0151en a Gy\u0151ri Radn\u00f3ti Mikl\u00f3s \u00c1ltal\u00e1nos Iskola 33 hetedik oszt\u00e1lyos tanul\u00f3ja erd\u00e9lyi kir\u00e1ndul\u00e1son vehetett r\u00e9szt.<\/p>\n<p style=\"text-align: justify;\">A h\u00e1rom nap rengeteg \u00e9lm\u00e9nyt adott a di\u00e1koknak \u00e9s k\u00eds\u00e9r\u0151 tan\u00e1raiknak egyar\u00e1nt. Megcsod\u00e1lhatt\u00e1k Nagyv\u00e1rad, Kolozsv\u00e1r, Nagyenyed, Gyulafeh\u00e9rv\u00e1r hangulatos belv\u00e1ros\u00e1t, t\u00f6rt\u00e9nelmileg jelent\u0151s \u00e9p\u00fcleteit. A nagyv\u00e1radi kincst\u00e1rban megtekinthett\u00e9k a gy\u0151ri Szent L\u00e1szl\u00f3 herma \u201etestv\u00e9r\u00e9t\u201d, Kolozsv\u00e1ron M\u00e1ty\u00e1s kir\u00e1ly sz\u00fcl\u0151h\u00e1z\u00e1t. Nagyenyeden megkond\u00edthatt\u00e1k a h\u00edres koll\u00e9gium harangjait, Gyulafeh\u00e9rv\u00e1ron pedig barokk kori \u0151rs\u00e9gv\u00e1lt\u00e1snak lehettek tan\u00fai. A torock\u00f3i t\u00e1jh\u00e1zban tal\u00e1lkozhattak a t\u00e1jegys\u00e9g n\u00e9prajzi kincseivel, s felpr\u00f3b\u00e1lhatt\u00e1k a f\u00e9ltve \u0151rz\u00f6tt h\u00edres viselet egyes darabjait is. A Tordai hasad\u00e9k gy\u00f6ny\u00f6r\u0171 term\u00e9szeti k\u00f6rnyezete, monument\u00e1lis sziklafalai leny\u0171g\u00f6zt\u00e9k a csoportot.<\/p>\n<p style=\"text-align: justify;\">A Szent L\u00e1szl\u00f3, Hunyadi J\u00e1nos, Hunyadi L\u00e1szl\u00f3, s az 1849-ben kiv\u00e9gzett v\u00e9rtan\u00fak \u00a0eml\u00e9khelye el\u0151tti, megeml\u00e9kez\u00e9ssel egybek\u00f6t\u00f6tt koszor\u00faz\u00e1sok, lelki \u00e9lm\u00e9nyekkel gyarap\u00edtottak feln\u0151ttet, gyereket egyar\u00e1nt. A sz\u00e1mtalan, t\u00f6rt\u00e9nelm\u00fcnkh\u00f6z \u00e9s irodalmunkhoz k\u00f6thet\u0151 eml\u00e9k megtekint\u00e9se \u00e9s a sok kedvess\u00e9g, amelyben az ott \u00e9l\u0151k r\u00e9szes\u00edtett\u00e9k a csoport tagjait, mindenkiben m\u00e9g szorosabbra f\u0171zte a k\u00f6t\u0151d\u00e9st Erd\u00e9lyhez.<\/p>\n<p style=\"text-align: justify;\">Schmidtn\u00e9 Bal\u00e1zs L\u00edvia<\/p>\n<p><a href=\"https:\/\/drive.google.com\/open?id=1G6zev2dFLmLpl12m7P93xUFOgGcU0s-U\" target=\"_blank\" rel=\"noopener\"><img loading=\"lazy\" decoding=\"async\" class=\"alignnone size-full wp-image-1544\" src=\"http:\/\/www.radnotiiskola.hu\/new\/wp-content\/uploads\/2020\/01\/Felvidek-2014-2.jpg\" alt=\"\" width=\"320\" height=\"218\" srcset=\"http:\/\/www.radnotiiskola.hu\/new\/wp-content\/uploads\/2020\/01\/Felvidek-2014-2.jpg 320w, http:\/\/www.radnotiiskola.hu\/new\/wp-content\/uploads\/2020\/01\/Felvidek-2014-2-300x204.jpg 300w\" sizes=\"auto, (max-width: 320px) 100vw, 320px\" \/><\/a><\/p>\n","protected":false},"excerpt":{"rendered":"<p>Az Emberi Er\u0151forr\u00e1sok Miniszt\u00e9riuma \u00e1ltal meghirdetett, sikeres \u201eHat\u00e1rtalanul\u201d p\u00e1ly\u00e1zatnak k\u00f6sz\u00f6nhet\u0151en a Gy\u0151ri Radn\u00f3ti Mikl\u00f3s \u00c1ltal\u00e1nos Iskola 33 hetedik oszt\u00e1lyos tanul\u00f3ja erd\u00e9lyi kir\u00e1ndul\u00e1son vehetett r\u00e9szt. A h\u00e1rom nap rengeteg \u00e9lm\u00e9nyt adott a di\u00e1koknak \u00e9s k\u00eds\u00e9r\u0151 tan\u00e1raiknak egyar\u00e1nt. Megcsod\u00e1lhatt\u00e1k Nagyv\u00e1rad, Kolozsv\u00e1r, Nagyenyed, Gyulafeh\u00e9rv\u00e1r hangulatos belv\u00e1ros\u00e1t, t\u00f6rt\u00e9nelmileg jelent\u0151s \u00e9p\u00fcleteit. A nagyv\u00e1radi kincst\u00e1rban megtekinthett\u00e9k a gy\u0151ri Szent L\u00e1szl\u00f3 herma [&hellip;]<\/p>\n","protected":false},"author":1,"featured_media":0,"parent":0,"menu_order":0,"comment_status":"closed","ping_status":"closed","template":"","meta":{"ngg_post_thumbnail":0,"footnotes":""},"class_list":["post-1548","page","type-page","status-publish","hentry"],"_links":{"self":[{"href":"http:\/\/www.radnotiiskola.hu\/new\/wp-json\/wp\/v2\/pages\/1548","targetHints":{"allow":["GET"]}}],"collection":[{"href":"http:\/\/www.radnotiiskola.hu\/new\/wp-json\/wp\/v2\/pages"}],"about":[{"href":"http:\/\/www.radnotiiskola.hu\/new\/wp-json\/wp\/v2\/types\/page"}],"author":[{"embeddable":true,"href":"http:\/\/www.radnotiiskola.hu\/new\/wp-json\/wp\/v2\/users\/1"}],"replies":[{"embeddable":true,"href":"http:\/\/www.radnotiiskola.hu\/new\/wp-json\/wp\/v2\/comments?post=1548"}],"version-history":[{"count":0,"href":"http:\/\/www.radnotiiskola.hu\/new\/wp-json\/wp\/v2\/pages\/1548\/revisions"}],"wp:attachment":[{"href":"http:\/\/www.radnotiiskola.hu\/new\/wp-json\/wp\/v2\/media?parent=1548"}],"curies":[{"name":"wp","href":"https:\/\/api.w.org\/{rel}","templated":true}]}}

Erdély 2015

<p style="text-align: justify;"><img loading="lazy" decoding="async" class=" wp-image-1549 alignright" src="http://www.radnotiiskola.hu/new/wp-content/uploads/2020/01/Erdély-2015.png" alt="" width="468" height="351" srcset="http://www.radnotiiskola.hu/new/wp-content/uploads/2020/01/Erdély-2015.png 706w, http://www.radnotiiskola.hu/new/wp-content/uploads/2020/01/Erdély-2015-300x225.png 300w" sizes="auto, (max-width: 468px) 100vw, 468px" />Az Emberi Erőforrások Minisztériuma által meghirdetett, sikeres „Határtalanul” pályázatnak köszönhetően a Győri Radnóti Miklós Általános Iskola 33 hetedik osztályos tanulója erdélyi kiránduláson vehetett részt.</p>
<p style="text-align: justify;">A három nap rengeteg élményt adott a diákoknak és kísérő tanáraiknak egyaránt. Megcsodálhatták Nagyvárad, Kolozsvár, Nagyenyed, Gyulafehérvár hangulatos belvárosát, történelmileg jelentős épületeit. A nagyváradi kincstárban megtekinthették a győri Szent László herma „testvérét”, Kolozsváron Mátyás király szülőházát. Nagyenyeden megkondíthatták a híres kollégium harangjait, Gyulafehérváron pedig barokk kori őrségváltásnak lehettek tanúi. A torockói tájházban találkozhattak a tájegység néprajzi kincseivel, s felpróbálhatták a féltve őrzött híres viselet egyes darabjait is. A Tordai hasadék gyönyörű természeti környezete, monumentális sziklafalai lenyűgözték a csoportot.</p>
<p style="text-align: justify;">A Szent László, Hunyadi János, Hunyadi László, s az 1849-ben kivégzett vértanúk  emlékhelye előtti, megemlékezéssel egybekötött koszorúzások, lelki élményekkel gyarapítottak felnőttet, gyereket egyaránt. A számtalan, történelmünkhöz és irodalmunkhoz köthető emlék megtekintése és a sok kedvesség, amelyben az ott élők részesítették a csoport tagjait, mindenkiben még szorosabbra fűzte a kötődést Erdélyhez.</p>
<p style="text-align: justify;">Schmidtné Balázs Lívia</p>
<p><a href="https://drive.google.com/open?id=1G6zev2dFLmLpl12m7P93xUFOgGcU0s-U" target="_blank" rel="noopener"><img loading="lazy" decoding="async" class="alignnone size-full wp-image-1544" src="http://www.radnotiiskola.hu/new/wp-content/uploads/2020/01/Felvidek-2014-2.jpg" alt="" width="320" height="218" srcset="http://www.radnotiiskola.hu/new/wp-content/uploads/2020/01/Felvidek-2014-2.jpg 320w, http://www.radnotiiskola.hu/new/wp-content/uploads/2020/01/Felvidek-2014-2-300x204.jpg 300w" sizes="auto, (max-width: 320px) 100vw, 320px" /></a></p>

<p>Az Emberi Erőforrások Minisztériuma által meghirdetett, sikeres „Határtalanul” pályázatnak köszönhetően a Győri Radnóti Miklós Általános Iskola 33 hetedik osztályos tanulója erdélyi kiránduláson vehetett részt. A három nap rengeteg élményt adott a diákoknak és kísérő tanáraiknak egyaránt. Megcsodálhatták Nagyvárad, Kolozsvár, Nagyenyed, Gyulafehérvár hangulatos belvárosát, történelmileg jelentős épületeit. A nagyváradi kincstárban megtekinthették a győri Szent László herma [&hellip;]</p>
