{"id":1554,"date":"2020-01-20T16:43:13","date_gmt":"2020-01-20T16:43:13","guid":{"rendered":"http:\/\/www.radnotiiskola.hu\/new\/?page_id=1554"},"modified":"2020-01-20T16:44:10","modified_gmt":"2020-01-20T16:44:10","slug":"hatartalanul-2016","status":"publish","type":"page","link":"http:\/\/www.radnotiiskola.hu\/new\/hatartalanul-2016\/","title":{"rendered":"Hat\u00e1rtalanul &#8211; 2016"},"content":{"rendered":"<p style=\"text-align: justify;\"><img loading=\"lazy\" decoding=\"async\" class=\" wp-image-1556 alignright\" src=\"http:\/\/www.radnotiiskola.hu\/new\/wp-content\/uploads\/2020\/01\/Felvidek-2016-1.jpg\" alt=\"\" width=\"419\" height=\"279\" srcset=\"http:\/\/www.radnotiiskola.hu\/new\/wp-content\/uploads\/2020\/01\/Felvidek-2016-1.jpg 640w, http:\/\/www.radnotiiskola.hu\/new\/wp-content\/uploads\/2020\/01\/Felvidek-2016-1-300x200.jpg 300w\" sizes=\"auto, (max-width: 419px) 100vw, 419px\" \/>Az Emberi Er\u0151forr\u00e1sok Miniszt\u00e9riuma \u00e1ltal meghirdetett \u201eHat\u00e1rtalanul\u201d p\u00e1ly\u00e1zatnak k\u00f6sz\u00f6nhet\u0151en h\u00e1romnapos felvid\u00e9ki kir\u00e1ndul\u00e1son vett r\u00e9szt a 7.a oszt\u00e1ly.<\/p>\n<p style=\"text-align: justify;\">A l\u00e1tnival\u00f3knak, programoknak, a magyar t\u00f6rt\u00e9neti eml\u00e9keknek, a magyar szellemi \u00f6r\u00f6ks\u00e9g m\u00e9lyebb megismer\u00e9s\u00e9nek \u00e9s az egy\u00fctt t\u00f6lt\u00f6tt id\u0151nek k\u00f6sz\u00f6nhet\u0151en a di\u00e1kok \u00e9letre sz\u00f3l\u00f3 \u00e9lm\u00e9nyekkel lettek gazdagabbak. A z\u00f3lyomi v\u00e1rkast\u00e9lyban megeml\u00e9kezt\u00fcnk renesz\u00e1nsz k\u00f6lt\u0151nkr\u0151l, Balassi B\u00e1lintr\u00f3l, K\u00f6rm\u00f6cb\u00e1ny\u00e1n megtekintett\u00fck a t\u00f6rt\u00e9nelmi Magyarorsz\u00e1g legjelent\u0151sebb, egyben a vil\u00e1g legr\u00e9gebbi folyamatosan \u00fczemel\u0151 p\u00e9nzverd\u00e9j\u00e9t, ahol K\u00e1roly R\u00f3bert 1335-ben elkezdte az aranyforintok ver\u00e9s\u00e9t. A programban ezek mellett a gy\u00f6ny\u00f6r\u0171 malonyai arbor\u00e9tum, a P\u00e1lffyak bajm\u00f3ci v\u00e1rkast\u00e9lya, a betl\u00e9ri Andr\u00e1ssy kast\u00e9ly, Beszterceb\u00e1nya, a dobsinai j\u00e9gbarlang \u00e9s a f\u00fcleki v\u00e1r megl\u00e1togat\u00e1sa szerepelt.<\/p>\n","protected":false},"excerpt":{"rendered":"<p>Az Emberi Er\u0151forr\u00e1sok Miniszt\u00e9riuma \u00e1ltal meghirdetett \u201eHat\u00e1rtalanul\u201d p\u00e1ly\u00e1zatnak k\u00f6sz\u00f6nhet\u0151en h\u00e1romnapos felvid\u00e9ki kir\u00e1ndul\u00e1son vett r\u00e9szt a 7.a oszt\u00e1ly. A l\u00e1tnival\u00f3knak, programoknak, a magyar t\u00f6rt\u00e9neti eml\u00e9keknek, a magyar szellemi \u00f6r\u00f6ks\u00e9g m\u00e9lyebb megismer\u00e9s\u00e9nek \u00e9s az egy\u00fctt t\u00f6lt\u00f6tt id\u0151nek k\u00f6sz\u00f6nhet\u0151en a di\u00e1kok \u00e9letre sz\u00f3l\u00f3 \u00e9lm\u00e9nyekkel lettek gazdagabbak. A z\u00f3lyomi v\u00e1rkast\u00e9lyban megeml\u00e9kezt\u00fcnk renesz\u00e1nsz k\u00f6lt\u0151nkr\u0151l, Balassi B\u00e1lintr\u00f3l, K\u00f6rm\u00f6cb\u00e1ny\u00e1n megtekintett\u00fck a t\u00f6rt\u00e9nelmi [&hellip;]<\/p>\n","protected":false},"author":1,"featured_media":0,"parent":0,"menu_order":0,"comment_status":"closed","ping_status":"closed","template":"","meta":{"ngg_post_thumbnail":0,"footnotes":""},"class_list":["post-1554","page","type-page","status-publish","hentry"],"_links":{"self":[{"href":"http:\/\/www.radnotiiskola.hu\/new\/wp-json\/wp\/v2\/pages\/1554","targetHints":{"allow":["GET"]}}],"collection":[{"href":"http:\/\/www.radnotiiskola.hu\/new\/wp-json\/wp\/v2\/pages"}],"about":[{"href":"http:\/\/www.radnotiiskola.hu\/new\/wp-json\/wp\/v2\/types\/page"}],"author":[{"embeddable":true,"href":"http:\/\/www.radnotiiskola.hu\/new\/wp-json\/wp\/v2\/users\/1"}],"replies":[{"embeddable":true,"href":"http:\/\/www.radnotiiskola.hu\/new\/wp-json\/wp\/v2\/comments?post=1554"}],"version-history":[{"count":0,"href":"http:\/\/www.radnotiiskola.hu\/new\/wp-json\/wp\/v2\/pages\/1554\/revisions"}],"wp:attachment":[{"href":"http:\/\/www.radnotiiskola.hu\/new\/wp-json\/wp\/v2\/media?parent=1554"}],"curies":[{"name":"wp","href":"https:\/\/api.w.org\/{rel}","templated":true}]}}

Határtalanul &#8211; 2016

<p style="text-align: justify;"><img loading="lazy" decoding="async" class=" wp-image-1556 alignright" src="http://www.radnotiiskola.hu/new/wp-content/uploads/2020/01/Felvidek-2016-1.jpg" alt="" width="419" height="279" srcset="http://www.radnotiiskola.hu/new/wp-content/uploads/2020/01/Felvidek-2016-1.jpg 640w, http://www.radnotiiskola.hu/new/wp-content/uploads/2020/01/Felvidek-2016-1-300x200.jpg 300w" sizes="auto, (max-width: 419px) 100vw, 419px" />Az Emberi Erőforrások Minisztériuma által meghirdetett „Határtalanul” pályázatnak köszönhetően háromnapos felvidéki kiránduláson vett részt a 7.a osztály.</p>
<p style="text-align: justify;">A látnivalóknak, programoknak, a magyar történeti emlékeknek, a magyar szellemi örökség mélyebb megismerésének és az együtt töltött időnek köszönhetően a diákok életre szóló élményekkel lettek gazdagabbak. A zólyomi várkastélyban megemlékeztünk reneszánsz költőnkről, Balassi Bálintról, Körmöcbányán megtekintettük a történelmi Magyarország legjelentősebb, egyben a világ legrégebbi folyamatosan üzemelő pénzverdéjét, ahol Károly Róbert 1335-ben elkezdte az aranyforintok verését. A programban ezek mellett a gyönyörű malonyai arborétum, a Pálffyak bajmóci várkastélya, a betléri Andrássy kastély, Besztercebánya, a dobsinai jégbarlang és a füleki vár meglátogatása szerepelt.</p>

<p>Az Emberi Erőforrások Minisztériuma által meghirdetett „Határtalanul” pályázatnak köszönhetően háromnapos felvidéki kiránduláson vett részt a 7.a osztály. A látnivalóknak, programoknak, a magyar történeti emlékeknek, a magyar szellemi örökség mélyebb megismerésének és az együtt töltött időnek köszönhetően a diákok életre szóló élményekkel lettek gazdagabbak. A zólyomi várkastélyban megemlékeztünk reneszánsz költőnkről, Balassi Bálintról, Körmöcbányán megtekintettük a történelmi [&hellip;]</p>
