{"id":156,"date":"2018-09-30T09:53:19","date_gmt":"2018-09-30T09:53:19","guid":{"rendered":"http:\/\/www.radnotiiskola.hu\/new\/?page_id=156"},"modified":"2018-10-01T06:55:32","modified_gmt":"2018-10-01T06:55:32","slug":"teis","status":"publish","type":"page","link":"http:\/\/www.radnotiiskola.hu\/new\/teis\/","title":{"rendered":"TEIS"},"content":{"rendered":"<h2 class=\"art-PostHeader\"><span style=\"font-family: arial, helvetica, sans-serif;\">Testmozg\u00e1s az Iskol\u00e1ban c. projekt az iskol\u00e1ban<\/span><\/h2>\n<p><span style=\"font-family: arial, helvetica, sans-serif;\">Iskol\u00e1nk elnyerte az MDSZ \u00e1ltal ki\u00edrt \u201eTE IS\u201d p\u00e1ly\u00e1zatot, \u00edgy az idei tan\u00e9vben r\u00e9szt vehet a TE IS program megval\u00f3s\u00edt\u00e1s\u00e1ban, amely program orsz\u00e1gosan csak 144 iskol\u00e1ban val\u00f3sulhat meg.<\/span><\/p>\n<p><span style=\"font-family: arial, helvetica, sans-serif;\">A TE IS Program k\u00f6zpontj\u00e1ban a testi \u00e9s lelki fejl\u0151d\u00e9s \u00f6sszhangja, az iskolai <img loading=\"lazy\" decoding=\"async\" class=\"size-medium wp-image-231 alignright\" src=\"http:\/\/www.radnotiiskola.hu\/new\/wp-content\/uploads\/2018\/10\/teis-300x227.png\" alt=\"\" width=\"300\" height=\"227\" srcset=\"http:\/\/www.radnotiiskola.hu\/new\/wp-content\/uploads\/2018\/10\/teis-300x227.png 300w, http:\/\/www.radnotiiskola.hu\/new\/wp-content\/uploads\/2018\/10\/teis.png 422w\" sizes=\"auto, (max-width: 300px) 100vw, 300px\" \/>\u00f6nk\u00e9ntess\u00e9g er\u0151s\u00edt\u00e9se \u00e1ll. A TE IS Program c\u00e9lja, hogy a k\u00f6z\u00f6s testmozg\u00e1ssal, egym\u00e1st \u00e9p\u00edt\u0151 k\u00f6z\u00f6ss\u00e9gek alakuljanak ki, er\u0151s\u00edtve ezzel az iskola akt\u00edv szerepl\u0151inek t\u00e1rsas kapcsolatait. Mozg\u00e1sprogramunk l\u00e9nyege, hogy a szabadid\u0151s tev\u00e9kenys\u00e9gek szervez\u00e9se a k\u00f6znevel\u00e9si int\u00e9zm\u00e9nyekben az ott tanul\u00f3 di\u00e1kok sz\u00e1m\u00e1ra a bevon\u00e1sukon kereszt\u00fcl val\u00f3suljon meg. Munk\u00e1nk f\u00f3kusz\u00e1ban a tanul\u00f3k aktivit\u00e1sa, a t\u00e1rsas befogad\u00e1s szeml\u00e9lete \u00e9s az \u00f6nk\u00e9ntes r\u00e9szv\u00e9tel el\u0151seg\u00edt\u00e9se \u00e1ll.<\/span><\/p>\n<p><span style=\"font-family: arial, helvetica, sans-serif;\">A TE IS csapat tagjai (12 f\u0151, 5-8. \u00e9vfolyamos di\u00e1kok) heti m\u00e1sf\u00e9l \u00f3r\u00e1ban, tan\u00edt\u00e1s ut\u00e1n k\u00e9pz\u00e9sen vesznek r\u00e9szt, melyet egy szem\u00e9lyis\u00e9gfejleszt\u0151 tr\u00e9ner \u00e9s iskol\u00e1nk mentortan\u00e1rai fognak tartani.<\/span><\/p>\n<p><span style=\"font-family: arial, helvetica, sans-serif;\">A k\u00e9pz\u00e9sek c\u00e9lja: t\u00e1rsas \u00e9s szem\u00e9lyes k\u00e9szs\u00e9gfejleszt\u00e9s (kommunik\u00e1ci\u00f3, probl\u00e9mamegold\u00e1s, kreativit\u00e1s fejl\u0151d\u00e9se, stb.), k\u00e9szs\u00e9g- \u00e9s k\u00e9pess\u00e9gfejleszt\u00e9s, \u00faj ismeretek \u00e1tad\u00e1sa, a programok megval\u00f3s\u00edt\u00e1s\u00e1ban val\u00f3 j\u00e1rtass\u00e1g fejl\u0151d\u00e9se, a t\u00e1rsas k\u00e9szs\u00e9gek \u00e9s kompetenci\u00e1k fejl\u0151d\u00e9se, elfogad\u00e1s, csapat\u00e9p\u00edt\u00e9s stb.<\/span><\/p>\n<p><span style=\"font-family: arial, helvetica, sans-serif;\">A h\u00e9ten m\u00e1r lezajlott a nyit\u00f3 rendezv\u00e9ny\u00fcnk, melyen a gyerekek, a mentorpedag\u00f3gusaik, az int\u00e9zm\u00e9ny vezet\u0151je Sulyokn\u00e9 Kelemen Judit, a tr\u00e9ner\u00fcnk B\u00f3na Gy\u00f6ngyi \u00e9s a megyei koordin\u00e1torunk Harty\u00e1ndin\u00e9 Frey Aranka is r\u00e9szt vett. A foglalkoz\u00e1s nagyon j\u00f3 hangulatban telt.<\/span><\/p>\n<p><span style=\"font-family: arial, helvetica, sans-serif;\">Mentorpedag\u00f3gusok:<\/span><br \/>\n<span style=\"font-family: arial, helvetica, sans-serif;\">S\u00fct\u00f6rin\u00e9 Hada Ildik\u00f3<\/span><br \/>\n<span style=\"font-family: arial, helvetica, sans-serif;\">\u00d6lvedi-Szab\u00f3 P\u00e9ter<\/span><\/p>\n","protected":false},"excerpt":{"rendered":"<p>Testmozg\u00e1s az Iskol\u00e1ban c. projekt az iskol\u00e1ban Iskol\u00e1nk elnyerte az MDSZ \u00e1ltal ki\u00edrt \u201eTE IS\u201d p\u00e1ly\u00e1zatot, \u00edgy az idei tan\u00e9vben r\u00e9szt vehet a TE IS program megval\u00f3s\u00edt\u00e1s\u00e1ban, amely program orsz\u00e1gosan csak 144 iskol\u00e1ban val\u00f3sulhat meg. A TE IS Program k\u00f6zpontj\u00e1ban a testi \u00e9s lelki fejl\u0151d\u00e9s \u00f6sszhangja, az iskolai \u00f6nk\u00e9ntess\u00e9g er\u0151s\u00edt\u00e9se \u00e1ll. A TE IS Program [&hellip;]<\/p>\n","protected":false},"author":1,"featured_media":0,"parent":0,"menu_order":0,"comment_status":"closed","ping_status":"closed","template":"","meta":{"ngg_post_thumbnail":0,"footnotes":""},"class_list":["post-156","page","type-page","status-publish","hentry"],"_links":{"self":[{"href":"http:\/\/www.radnotiiskola.hu\/new\/wp-json\/wp\/v2\/pages\/156","targetHints":{"allow":["GET"]}}],"collection":[{"href":"http:\/\/www.radnotiiskola.hu\/new\/wp-json\/wp\/v2\/pages"}],"about":[{"href":"http:\/\/www.radnotiiskola.hu\/new\/wp-json\/wp\/v2\/types\/page"}],"author":[{"embeddable":true,"href":"http:\/\/www.radnotiiskola.hu\/new\/wp-json\/wp\/v2\/users\/1"}],"replies":[{"embeddable":true,"href":"http:\/\/www.radnotiiskola.hu\/new\/wp-json\/wp\/v2\/comments?post=156"}],"version-history":[{"count":0,"href":"http:\/\/www.radnotiiskola.hu\/new\/wp-json\/wp\/v2\/pages\/156\/revisions"}],"wp:attachment":[{"href":"http:\/\/www.radnotiiskola.hu\/new\/wp-json\/wp\/v2\/media?parent=156"}],"curies":[{"name":"wp","href":"https:\/\/api.w.org\/{rel}","templated":true}]}}

<h2 class="art-PostHeader"><span style="font-family: arial, helvetica, sans-serif;">Testmozgás az Iskolában c. projekt az iskolában</span></h2>
<p><span style="font-family: arial, helvetica, sans-serif;">Iskolánk elnyerte az MDSZ által kiírt „TE IS” pályázatot, így az idei tanévben részt vehet a TE IS program megvalósításában, amely program országosan csak 144 iskolában valósulhat meg.</span></p>
<p><span style="font-family: arial, helvetica, sans-serif;">A TE IS Program központjában a testi és lelki fejlődés összhangja, az iskolai <img loading="lazy" decoding="async" class="size-medium wp-image-231 alignright" src="http://www.radnotiiskola.hu/new/wp-content/uploads/2018/10/teis-300x227.png" alt="" width="300" height="227" srcset="http://www.radnotiiskola.hu/new/wp-content/uploads/2018/10/teis-300x227.png 300w, http://www.radnotiiskola.hu/new/wp-content/uploads/2018/10/teis.png 422w" sizes="auto, (max-width: 300px) 100vw, 300px" />önkéntesség erősítése áll. A TE IS Program célja, hogy a közös testmozgással, egymást építő közösségek alakuljanak ki, erősítve ezzel az iskola aktív szereplőinek társas kapcsolatait. Mozgásprogramunk lényege, hogy a szabadidős tevékenységek szervezése a köznevelési intézményekben az ott tanuló diákok számára a bevonásukon keresztül valósuljon meg. Munkánk fókuszában a tanulók aktivitása, a társas befogadás szemlélete és az önkéntes részvétel elősegítése áll.</span></p>
<p><span style="font-family: arial, helvetica, sans-serif;">A TE IS csapat tagjai (12 fő, 5-8. évfolyamos diákok) heti másfél órában, tanítás után képzésen vesznek részt, melyet egy személyiségfejlesztő tréner és iskolánk mentortanárai fognak tartani.</span></p>
<p><span style="font-family: arial, helvetica, sans-serif;">A képzések célja: társas és személyes készségfejlesztés (kommunikáció, problémamegoldás, kreativitás fejlődése, stb.), készség- és képességfejlesztés, új ismeretek átadása, a programok megvalósításában való jártasság fejlődése, a társas készségek és kompetenciák fejlődése, elfogadás, csapatépítés stb.</span></p>
<p><span style="font-family: arial, helvetica, sans-serif;">A héten már lezajlott a nyitó rendezvényünk, melyen a gyerekek, a mentorpedagógusaik, az intézmény vezetője Sulyokné Kelemen Judit, a trénerünk Bóna Gyöngyi és a megyei koordinátorunk Hartyándiné Frey Aranka is részt vett. A foglalkozás nagyon jó hangulatban telt.</span></p>
<p><span style="font-family: arial, helvetica, sans-serif;">Mentorpedagógusok:</span><br />
<span style="font-family: arial, helvetica, sans-serif;">Sütöriné Hada Ildikó</span><br />
<span style="font-family: arial, helvetica, sans-serif;">Ölvedi-Szabó Péter</span></p>

<p>Testmozgás az Iskolában c. projekt az iskolában Iskolánk elnyerte az MDSZ által kiírt „TE IS” pályázatot, így az idei tanévben részt vehet a TE IS program megvalósításában, amely program országosan csak 144 iskolában valósulhat meg. A TE IS Program központjában a testi és lelki fejlődés összhangja, az iskolai önkéntesség erősítése áll. A TE IS Program [&hellip;]</p>
