{"id":2090,"date":"2020-07-04T09:48:13","date_gmt":"2020-07-04T09:48:13","guid":{"rendered":"http:\/\/www.radnotiiskola.hu\/new\/?page_id=2090"},"modified":"2020-07-04T10:10:20","modified_gmt":"2020-07-04T10:10:20","slug":"e-naplo","status":"publish","type":"page","link":"http:\/\/www.radnotiiskola.hu\/new\/e-naplo\/","title":{"rendered":"E-napl\u00f3"},"content":{"rendered":"\n<p class=\"has-text-align-center\" style=\"text-align: justify;\"><img loading=\"lazy\" decoding=\"async\" class=\"alignright wp-image-2095 size-thumbnail\" src=\"http:\/\/www.radnotiiskola.hu\/new\/wp-content\/uploads\/2020\/07\/kreta-logo-150x150.jpg\" alt=\"\" width=\"150\" height=\"150\" srcset=\"http:\/\/www.radnotiiskola.hu\/new\/wp-content\/uploads\/2020\/07\/kreta-logo-150x150.jpg 150w, http:\/\/www.radnotiiskola.hu\/new\/wp-content\/uploads\/2020\/07\/kreta-logo-60x60.jpg 60w, http:\/\/www.radnotiiskola.hu\/new\/wp-content\/uploads\/2020\/07\/kreta-logo.jpg 200w\" sizes=\"auto, (max-width: 150px) 100vw, 150px\" \/>A Kr\u00e9ta rendszer \u00e9rhet\u0151 el az els\u0151, &#8222;<a href=\"https:\/\/klik202965001.e-kreta.hu\/Adminisztracio\/Login\">E-napl\u00f3<\/a>&#8221; men\u00fcponttal. Bejelentkez\u00e9st\u0151l f\u00fcgg\u0151en tan\u00e1ri, vagy sz\u00fcl\u0151i fel\u00fcletet fogunk kapni, amennyiben megadjuk a felhaszn\u00e1l\u00f3 nev\u00fcnket, \u00e9s a hozz\u00f3 tartoz\u00f3 jelszavunkat.<\/p>\n<p class=\"has-text-align-center\" style=\"text-align: justify;\">Ha sz\u00fcl\u0151k\u00e9nt nem tudjuk a felhaszn\u00e1l\u00f3 nev\u00fcnket \/ jelszavunkat, jelezz\u00e9k az iskola titk\u00e1rs\u00e1g\u00e1n. Az els\u0151 alkalommal d\u00edjtalanul p\u00f3toljuk a hozz\u00e1f\u00e9r\u00e9si adatokat.<\/p>\n<p style=\"text-align: justify;\"><img loading=\"lazy\" decoding=\"async\" class=\"alignright wp-image-2096 size-thumbnail\" src=\"http:\/\/www.radnotiiskola.hu\/new\/wp-content\/uploads\/2020\/07\/f-question-mark-150x150.png\" alt=\"\" width=\"150\" height=\"150\" srcset=\"http:\/\/www.radnotiiskola.hu\/new\/wp-content\/uploads\/2020\/07\/f-question-mark-150x150.png 150w, http:\/\/www.radnotiiskola.hu\/new\/wp-content\/uploads\/2020\/07\/f-question-mark-60x60.png 60w, http:\/\/www.radnotiiskola.hu\/new\/wp-content\/uploads\/2020\/07\/f-question-mark.png 256w\" sizes=\"auto, (max-width: 150px) 100vw, 150px\" \/>Amennyiben sz\u00fcl\u0151k\u00e9nt szeretn\u00e9nk a rendszert haszn\u00e1lni, de ez gondot okoz, r\u00e9szletes sz\u00f6veges le\u00edr\u00e1s \u00e9s bemutat\u00f3 vide\u00f3k tal\u00e1lhat\u00f3k a m\u00e1sodik, az &#8222;<a href=\"https:\/\/drive.google.com\/open?id=1kssPQyBVqjf-hJLDLGR3raLAm4IlHcMw\">E-napl\u00f3 \u00e9s ellen\u0151rz\u0151 haszn\u00e1lata<\/a>&#8221; men\u00fcpontban.<\/p>\n","protected":false},"excerpt":{"rendered":"<p>A Kr\u00e9ta rendszer \u00e9rhet\u0151 el az els\u0151, &#8222;E-napl\u00f3&#8221; men\u00fcponttal. Bejelentkez\u00e9st\u0151l f\u00fcgg\u0151en tan\u00e1ri, vagy sz\u00fcl\u0151i fel\u00fcletet fogunk kapni, amennyiben megadjuk a felhaszn\u00e1l\u00f3 nev\u00fcnket, \u00e9s a hozz\u00f3 tartoz\u00f3 jelszavunkat. Ha sz\u00fcl\u0151k\u00e9nt nem tudjuk a felhaszn\u00e1l\u00f3 nev\u00fcnket \/ jelszavunkat, jelezz\u00e9k az iskola titk\u00e1rs\u00e1g\u00e1n. Az els\u0151 alkalommal d\u00edjtalanul p\u00f3toljuk a hozz\u00e1f\u00e9r\u00e9si adatokat. Amennyiben sz\u00fcl\u0151k\u00e9nt szeretn\u00e9nk a rendszert haszn\u00e1lni, de [&hellip;]<\/p>\n","protected":false},"author":1,"featured_media":0,"parent":0,"menu_order":0,"comment_status":"closed","ping_status":"closed","template":"","meta":{"ngg_post_thumbnail":0,"footnotes":""},"class_list":["post-2090","page","type-page","status-publish","hentry"],"_links":{"self":[{"href":"http:\/\/www.radnotiiskola.hu\/new\/wp-json\/wp\/v2\/pages\/2090","targetHints":{"allow":["GET"]}}],"collection":[{"href":"http:\/\/www.radnotiiskola.hu\/new\/wp-json\/wp\/v2\/pages"}],"about":[{"href":"http:\/\/www.radnotiiskola.hu\/new\/wp-json\/wp\/v2\/types\/page"}],"author":[{"embeddable":true,"href":"http:\/\/www.radnotiiskola.hu\/new\/wp-json\/wp\/v2\/users\/1"}],"replies":[{"embeddable":true,"href":"http:\/\/www.radnotiiskola.hu\/new\/wp-json\/wp\/v2\/comments?post=2090"}],"version-history":[{"count":0,"href":"http:\/\/www.radnotiiskola.hu\/new\/wp-json\/wp\/v2\/pages\/2090\/revisions"}],"wp:attachment":[{"href":"http:\/\/www.radnotiiskola.hu\/new\/wp-json\/wp\/v2\/media?parent=2090"}],"curies":[{"name":"wp","href":"https:\/\/api.w.org\/{rel}","templated":true}]}}

E-napló

<p class="has-text-align-center" style="text-align: justify;"><img loading="lazy" decoding="async" class="alignright wp-image-2095 size-thumbnail" src="http://www.radnotiiskola.hu/new/wp-content/uploads/2020/07/kreta-logo-150x150.jpg" alt="" width="150" height="150" srcset="http://www.radnotiiskola.hu/new/wp-content/uploads/2020/07/kreta-logo-150x150.jpg 150w, http://www.radnotiiskola.hu/new/wp-content/uploads/2020/07/kreta-logo-60x60.jpg 60w, http://www.radnotiiskola.hu/new/wp-content/uploads/2020/07/kreta-logo.jpg 200w" sizes="auto, (max-width: 150px) 100vw, 150px" />A Kréta rendszer érhető el az első, &#8222;<a href="https://klik202965001.e-kreta.hu/Adminisztracio/Login">E-napló</a>&#8221; menüponttal. Bejelentkezéstől függően tanári, vagy szülői felületet fogunk kapni, amennyiben megadjuk a felhasználó nevünket, és a hozzó tartozó jelszavunkat.</p>
<p class="has-text-align-center" style="text-align: justify;">Ha szülőként nem tudjuk a felhasználó nevünket / jelszavunkat, jelezzék az iskola titkárságán. Az első alkalommal díjtalanul pótoljuk a hozzáférési adatokat.</p>
<p style="text-align: justify;"><img loading="lazy" decoding="async" class="alignright wp-image-2096 size-thumbnail" src="http://www.radnotiiskola.hu/new/wp-content/uploads/2020/07/f-question-mark-150x150.png" alt="" width="150" height="150" srcset="http://www.radnotiiskola.hu/new/wp-content/uploads/2020/07/f-question-mark-150x150.png 150w, http://www.radnotiiskola.hu/new/wp-content/uploads/2020/07/f-question-mark-60x60.png 60w, http://www.radnotiiskola.hu/new/wp-content/uploads/2020/07/f-question-mark.png 256w" sizes="auto, (max-width: 150px) 100vw, 150px" />Amennyiben szülőként szeretnénk a rendszert használni, de ez gondot okoz, részletes szöveges leírás és bemutató videók találhatók a második, az &#8222;<a href="https://drive.google.com/open?id=1kssPQyBVqjf-hJLDLGR3raLAm4IlHcMw">E-napló és ellenőrző használata</a>&#8221; menüpontban.</p>

<p>A Kréta rendszer érhető el az első, &#8222;E-napló&#8221; menüponttal. Bejelentkezéstől függően tanári, vagy szülői felületet fogunk kapni, amennyiben megadjuk a felhasználó nevünket, és a hozzó tartozó jelszavunkat. Ha szülőként nem tudjuk a felhasználó nevünket / jelszavunkat, jelezzék az iskola titkárságán. Az első alkalommal díjtalanul pótoljuk a hozzáférési adatokat. Amennyiben szülőként szeretnénk a rendszert használni, de [&hellip;]</p>
