{"id":3281,"date":"2022-10-17T12:48:41","date_gmt":"2022-10-17T12:48:41","guid":{"rendered":"http:\/\/www.radnotiiskola.hu\/new\/?page_id=3281"},"modified":"2023-02-28T18:09:15","modified_gmt":"2023-02-28T18:09:15","slug":"osztalytalalkozo-2022-23","status":"publish","type":"page","link":"http:\/\/www.radnotiiskola.hu\/new\/osztalytalalkozo-2022-23\/","title":{"rendered":"Oszt\u00e1lytal\u00e1lkoz\u00f3 2022-23"},"content":{"rendered":"\n<p><a href=\"https:\/\/drive.google.com\/file\/d\/1_P8qtXafO4jTlx0_N3vHeck7Dby4o2ry\/view?usp=share_link\">Oszt\u00e1lytal\u00e1lkoz\u00f3 2022. okt\u00f3ber 1.&nbsp;<\/a><\/p>\n<p><a href=\"http:\/\/www.radnotiiskola.hu\/new\/2022\/10\/14\/osztalytalalkozo\/\">Oszt\u00e1lytal\u00e1lkoz\u00f3 2022. okt\u00f3ber 14.<\/a>&nbsp;<\/p>\n","protected":false},"excerpt":{"rendered":"<p>Oszt\u00e1lytal\u00e1lkoz\u00f3 2022. okt\u00f3ber 1.&nbsp; Oszt\u00e1lytal\u00e1lkoz\u00f3 2022. okt\u00f3ber 14.&nbsp;<\/p>\n","protected":false},"author":4,"featured_media":0,"parent":0,"menu_order":0,"comment_status":"closed","ping_status":"closed","template":"","meta":{"ngg_post_thumbnail":0,"footnotes":""},"class_list":["post-3281","page","type-page","status-publish","hentry"],"_links":{"self":[{"href":"http:\/\/www.radnotiiskola.hu\/new\/wp-json\/wp\/v2\/pages\/3281","targetHints":{"allow":["GET"]}}],"collection":[{"href":"http:\/\/www.radnotiiskola.hu\/new\/wp-json\/wp\/v2\/pages"}],"about":[{"href":"http:\/\/www.radnotiiskola.hu\/new\/wp-json\/wp\/v2\/types\/page"}],"author":[{"embeddable":true,"href":"http:\/\/www.radnotiiskola.hu\/new\/wp-json\/wp\/v2\/users\/4"}],"replies":[{"embeddable":true,"href":"http:\/\/www.radnotiiskola.hu\/new\/wp-json\/wp\/v2\/comments?post=3281"}],"version-history":[{"count":0,"href":"http:\/\/www.radnotiiskola.hu\/new\/wp-json\/wp\/v2\/pages\/3281\/revisions"}],"wp:attachment":[{"href":"http:\/\/www.radnotiiskola.hu\/new\/wp-json\/wp\/v2\/media?parent=3281"}],"curies":[{"name":"wp","href":"https:\/\/api.w.org\/{rel}","templated":true}]}}

Osztálytalálkozó 2022-23

<p><a href="https://drive.google.com/file/d/1_P8qtXafO4jTlx0_N3vHeck7Dby4o2ry/view?usp=share_link">Osztálytalálkozó 2022. október 1.&nbsp;</a></p>
<p><a href="http://www.radnotiiskola.hu/new/2022/10/14/osztalytalalkozo/">Osztálytalálkozó 2022. október 14.</a>&nbsp;</p>

<p>Osztálytalálkozó 2022. október 1.&nbsp; Osztálytalálkozó 2022. október 14.&nbsp;</p>
