{"id":3326,"date":"2022-11-22T16:29:22","date_gmt":"2022-11-22T16:29:22","guid":{"rendered":"http:\/\/www.radnotiiskola.hu\/new\/?page_id=3326"},"modified":"2022-11-22T16:29:24","modified_gmt":"2022-11-22T16:29:24","slug":"idegennyelvi-tananyagok","status":"publish","type":"page","link":"http:\/\/www.radnotiiskola.hu\/new\/idegennyelvi-tananyagok\/","title":{"rendered":"Idegennyelvi tananyagok"},"content":{"rendered":"\n<p>A j\u00e1t\u00e9kos feladatok el\u00e9rhet\u0151s\u00e9ge<br><a href=\"https:\/\/docs.google.com\/document\/d\/1pH-9U5C62ptBTYBe6a4_VWC_BvuRPRrs\/edit?usp=share_link&amp;ouid=105110796424939874535&amp;rtpof=true&amp;sd=true\">itt<\/a> tal\u00e1lhat\u00f3. <img loading=\"lazy\" decoding=\"async\" class=\"size-full wp-image-1907 alignright\" src=\"http:\/\/www.radnotiiskola.hu\/new\/wp-content\/uploads\/2020\/04\/e-learning.jpg\" alt=\"\" width=\"279\" height=\"181\"><\/p>\n","protected":false},"excerpt":{"rendered":"<p>A j\u00e1t\u00e9kos feladatok el\u00e9rhet\u0151s\u00e9geitt tal\u00e1lhat\u00f3.<\/p>\n","protected":false},"author":4,"featured_media":0,"parent":0,"menu_order":0,"comment_status":"closed","ping_status":"closed","template":"","meta":{"ngg_post_thumbnail":0,"footnotes":""},"class_list":["post-3326","page","type-page","status-publish","hentry"],"_links":{"self":[{"href":"http:\/\/www.radnotiiskola.hu\/new\/wp-json\/wp\/v2\/pages\/3326","targetHints":{"allow":["GET"]}}],"collection":[{"href":"http:\/\/www.radnotiiskola.hu\/new\/wp-json\/wp\/v2\/pages"}],"about":[{"href":"http:\/\/www.radnotiiskola.hu\/new\/wp-json\/wp\/v2\/types\/page"}],"author":[{"embeddable":true,"href":"http:\/\/www.radnotiiskola.hu\/new\/wp-json\/wp\/v2\/users\/4"}],"replies":[{"embeddable":true,"href":"http:\/\/www.radnotiiskola.hu\/new\/wp-json\/wp\/v2\/comments?post=3326"}],"version-history":[{"count":0,"href":"http:\/\/www.radnotiiskola.hu\/new\/wp-json\/wp\/v2\/pages\/3326\/revisions"}],"wp:attachment":[{"href":"http:\/\/www.radnotiiskola.hu\/new\/wp-json\/wp\/v2\/media?parent=3326"}],"curies":[{"name":"wp","href":"https:\/\/api.w.org\/{rel}","templated":true}]}}