{"id":3922,"date":"2024-02-23T09:22:13","date_gmt":"2024-02-23T09:22:13","guid":{"rendered":"http:\/\/www.radnotiiskola.hu\/new\/?page_id=3922"},"modified":"2025-01-23T04:57:19","modified_gmt":"2025-01-23T04:57:19","slug":"oh-bazisintezmeny-2023-2026","status":"publish","type":"page","link":"http:\/\/www.radnotiiskola.hu\/new\/oh-bazisintezmeny-2023-2026\/","title":{"rendered":"OH B\u00e1zisint\u00e9zm\u00e9ny 2023-2026"},"content":{"rendered":"\n<ul>\n<li><a href=\"https:\/\/drive.google.com\/file\/d\/1IgYKqcEIqe17n4w815elrKmfOL065OAA\/view?usp=sharing\">B\u00e1zisint\u00e9zm\u00e9nyi p\u00e1ly\u00e1zat<\/a><\/li>\n<li><a href=\"https:\/\/docs.google.com\/document\/d\/1Bs2d69WQ5llCR7SUVesVTUkFs0dUcPa3\/edit?usp=sharing&amp;ouid=103766609354851008732&amp;rtpof=true&amp;sd=true\">Munkaterv 2023\/24<\/a><\/li>\n<li><a href=\"https:\/\/docs.google.com\/document\/d\/1EcPWkFqQQRK0q8ZOSAG0zTUznssic8B5\/edit?usp=sharing&amp;ouid=105110796424939874535&amp;rtpof=true&amp;sd=true\">Munkaterv 2024\/2025<\/a><\/li>\n<\/ul>\n","protected":false},"excerpt":{"rendered":"<p>B\u00e1zisint\u00e9zm\u00e9nyi p\u00e1ly\u00e1zat Munkaterv 2023\/24 Munkaterv 2024\/2025<\/p>\n","protected":false},"author":4,"featured_media":0,"parent":0,"menu_order":0,"comment_status":"closed","ping_status":"closed","template":"","meta":{"ngg_post_thumbnail":0,"footnotes":""},"class_list":["post-3922","page","type-page","status-publish","hentry"],"_links":{"self":[{"href":"http:\/\/www.radnotiiskola.hu\/new\/wp-json\/wp\/v2\/pages\/3922","targetHints":{"allow":["GET"]}}],"collection":[{"href":"http:\/\/www.radnotiiskola.hu\/new\/wp-json\/wp\/v2\/pages"}],"about":[{"href":"http:\/\/www.radnotiiskola.hu\/new\/wp-json\/wp\/v2\/types\/page"}],"author":[{"embeddable":true,"href":"http:\/\/www.radnotiiskola.hu\/new\/wp-json\/wp\/v2\/users\/4"}],"replies":[{"embeddable":true,"href":"http:\/\/www.radnotiiskola.hu\/new\/wp-json\/wp\/v2\/comments?post=3922"}],"version-history":[{"count":0,"href":"http:\/\/www.radnotiiskola.hu\/new\/wp-json\/wp\/v2\/pages\/3922\/revisions"}],"wp:attachment":[{"href":"http:\/\/www.radnotiiskola.hu\/new\/wp-json\/wp\/v2\/media?parent=3922"}],"curies":[{"name":"wp","href":"https:\/\/api.w.org\/{rel}","templated":true}]}}

OH Bázisintézmény 2023-2026

<ul>
<li><a href="https://drive.google.com/file/d/1IgYKqcEIqe17n4w815elrKmfOL065OAA/view?usp=sharing">Bázisintézményi pályázat</a></li>
<li><a href="https://docs.google.com/document/d/1Bs2d69WQ5llCR7SUVesVTUkFs0dUcPa3/edit?usp=sharing&amp;ouid=103766609354851008732&amp;rtpof=true&amp;sd=true">Munkaterv 2023/24</a></li>
<li><a href="https://docs.google.com/document/d/1EcPWkFqQQRK0q8ZOSAG0zTUznssic8B5/edit?usp=sharing&amp;ouid=105110796424939874535&amp;rtpof=true&amp;sd=true">Munkaterv 2024/2025</a></li>
</ul>

<p>Bázisintézményi pályázat Munkaterv 2023/24 Munkaterv 2024/2025</p>
