{"id":752,"date":"2018-11-25T11:52:05","date_gmt":"2018-11-25T11:52:05","guid":{"rendered":"http:\/\/www.radnotiiskola.hu\/new\/?page_id=752"},"modified":"2018-11-25T12:22:37","modified_gmt":"2018-11-25T12:22:37","slug":"2016-2017-tanev-dok-hirei","status":"publish","type":"page","link":"http:\/\/www.radnotiiskola.hu\/new\/2016-2017-tanev-dok-hirei\/","title":{"rendered":"2016-2017. tan\u00e9v D\u00d6K h\u00edrei"},"content":{"rendered":"<ul>\n<li><a href=\"http:\/\/www.radnotiiskola.hu\/new\/2017-tavaszi-papirgyujtes\/\"><span style=\"font-size: 14pt;\">2017. tavaszi pap\u00edrgy\u0171jt\u00e9s<\/span><\/a><\/li>\n<li><a href=\"http:\/\/www.radnotiiskola.hu\/new\/dekoracios-es-zoldito-verseny\/\"><span style=\"font-size: 14pt;\">Dekor\u00e1ci\u00f3s \u00e9s z\u00f6ld\u00edt\u0151 verseny<\/span><\/a><\/li>\n<li><a href=\"http:\/\/www.radnotiiskola.hu\/new\/kossuth-kupa-2017-marcius-13\/\"><span style=\"font-size: 14pt;\">Kossuth Kupa 2017. m\u00e1rcius 13.<\/span><\/a><\/li>\n<li><a href=\"http:\/\/www.radnotiiskola.hu\/new\/itt-a-farsang-all-a-bal\/\"><span style=\"font-size: 14pt;\">&#8222;Itt a farsang, \u00e1ll a b\u00e1l&#8230;&#8221;<\/span><\/a><\/li>\n<li><a href=\"http:\/\/www.radnotiiskola.hu\/new\/jegnap-a-radnotiban-2017-januar-26\/\"><span style=\"font-size: 14pt;\">J\u00e9gnap a Radn\u00f3tiban (2017. janu\u00e1r 26.)<\/span><\/a><\/li>\n<li><a href=\"http:\/\/www.radnotiiskola.hu\/new\/oszi-tisztasagi-verseny\/\"><span style=\"font-size: 14pt;\">\u0150szi tisztas\u00e1gi verseny<\/span><\/a><\/li>\n<li><a href=\"http:\/\/www.radnotiiskola.hu\/new\/nevadonkra-emlekeztunk\/\"><span style=\"font-size: 14pt;\">N\u00e9vad\u00f3nkra eml\u00e9kezt\u00fcnk<\/span><\/a><\/li>\n<li><a href=\"http:\/\/www.radnotiiskola.hu\/new\/osztalytermek-oszi-dekoracios-es-zolditos-versenye\/\"><span style=\"font-size: 14pt;\">Oszt\u00e1lytermek \u0151szi dekor\u00e1ci\u00f3s \u00e9s z\u00f6ld\u00edt\u0151 versenye<\/span><\/a><\/li>\n<li><a href=\"http:\/\/www.radnotiiskola.hu\/new\/jatekos-sportdelutaln-az-also-tagozatos-diakoknak\/\"><span style=\"font-size: 14pt;\">J\u00e1t\u00e9kos sportd\u00e9lut\u00e1n als\u00f3 tagozatos di\u00e1koknak<\/span><\/a><\/li>\n<li><a href=\"http:\/\/www.radnotiiskola.hu\/new\/2016-oszi-papirgyujtes\/\"><span style=\"font-size: 14pt;\">2016. \u0151szi pap\u00edrgy\u0171jt\u00e9s<\/span><\/a><\/li>\n<li><a href=\"http:\/\/www.radnotiiskola.hu\/new\/kerekpartura-a-szeretet-jegyeben\/\"><span style=\"font-size: 14pt;\">Ker\u00e9kp\u00e1rt\u00fara a szeretet jegy\u00e9ben<\/span><\/a><\/li>\n<\/ul>\n","protected":false},"excerpt":{"rendered":"<p>2017. tavaszi pap\u00edrgy\u0171jt\u00e9s Dekor\u00e1ci\u00f3s \u00e9s z\u00f6ld\u00edt\u0151 verseny Kossuth Kupa 2017. m\u00e1rcius 13. &#8222;Itt a farsang, \u00e1ll a b\u00e1l&#8230;&#8221; J\u00e9gnap a Radn\u00f3tiban (2017. janu\u00e1r 26.) \u0150szi tisztas\u00e1gi verseny N\u00e9vad\u00f3nkra eml\u00e9kezt\u00fcnk Oszt\u00e1lytermek \u0151szi dekor\u00e1ci\u00f3s \u00e9s z\u00f6ld\u00edt\u0151 versenye J\u00e1t\u00e9kos sportd\u00e9lut\u00e1n als\u00f3 tagozatos di\u00e1koknak 2016. \u0151szi pap\u00edrgy\u0171jt\u00e9s Ker\u00e9kp\u00e1rt\u00fara a szeretet jegy\u00e9ben<\/p>\n","protected":false},"author":1,"featured_media":0,"parent":0,"menu_order":0,"comment_status":"closed","ping_status":"closed","template":"","meta":{"ngg_post_thumbnail":0,"footnotes":""},"class_list":["post-752","page","type-page","status-publish","hentry"],"_links":{"self":[{"href":"http:\/\/www.radnotiiskola.hu\/new\/wp-json\/wp\/v2\/pages\/752","targetHints":{"allow":["GET"]}}],"collection":[{"href":"http:\/\/www.radnotiiskola.hu\/new\/wp-json\/wp\/v2\/pages"}],"about":[{"href":"http:\/\/www.radnotiiskola.hu\/new\/wp-json\/wp\/v2\/types\/page"}],"author":[{"embeddable":true,"href":"http:\/\/www.radnotiiskola.hu\/new\/wp-json\/wp\/v2\/users\/1"}],"replies":[{"embeddable":true,"href":"http:\/\/www.radnotiiskola.hu\/new\/wp-json\/wp\/v2\/comments?post=752"}],"version-history":[{"count":0,"href":"http:\/\/www.radnotiiskola.hu\/new\/wp-json\/wp\/v2\/pages\/752\/revisions"}],"wp:attachment":[{"href":"http:\/\/www.radnotiiskola.hu\/new\/wp-json\/wp\/v2\/media?parent=752"}],"curies":[{"name":"wp","href":"https:\/\/api.w.org\/{rel}","templated":true}]}}