{"id":786,"date":"2018-11-25T12:49:25","date_gmt":"2018-11-25T12:49:25","guid":{"rendered":"http:\/\/www.radnotiiskola.hu\/new\/?page_id=786"},"modified":"2018-11-25T12:49:25","modified_gmt":"2018-11-25T12:49:25","slug":"nyelvi-tabor-ausztriaban","status":"publish","type":"page","link":"http:\/\/www.radnotiiskola.hu\/new\/nyelvi-tabor-ausztriaban\/","title":{"rendered":"Nyelvi t\u00e1bor Ausztri\u00e1ban"},"content":{"rendered":"<p><img loading=\"lazy\" decoding=\"async\" class=\"size-medium wp-image-787 alignright\" src=\"http:\/\/www.radnotiiskola.hu\/new\/wp-content\/uploads\/2018\/11\/Salzburgban_Mozart_sz\u00fcl\u0151v\u00e1ros\u00e1ban-300x225.jpg\" alt=\"\" width=\"300\" height=\"225\" srcset=\"http:\/\/www.radnotiiskola.hu\/new\/wp-content\/uploads\/2018\/11\/Salzburgban_Mozart_sz\u00fcl\u0151v\u00e1ros\u00e1ban-300x225.jpg 300w, http:\/\/www.radnotiiskola.hu\/new\/wp-content\/uploads\/2018\/11\/Salzburgban_Mozart_sz\u00fcl\u0151v\u00e1ros\u00e1ban.jpg 640w\" sizes=\"auto, (max-width: 300px) 100vw, 300px\" \/>A Gy\u0151ri Radn\u00f3ti Mikl\u00f3s \u00c1ltal\u00e1nos Iskola, a Gy\u0151ri Bart\u00f3k B\u00e9la \u00c9nek-zenei \u00c1ltal\u00e1nos Iskola \u00e9s a Gy\u0151ri M\u00f3ra Ferenc \u00c1ltal\u00e1nos Iskola k\u00f6z\u00f6s csapata nyelvi t\u00e1boroz\u00e1son vett r\u00e9szt j\u00falius 1-6-ig az ausztriai Obervellach v\u00e1ros\u00e1ban.<\/p>\n<p>A d\u00e9lel\u0151tti \u00f3r\u00e1kon \u00e9s a v\u00e1rosi \u201eK\u00e9rdezz-felelek\u201d alkalm\u00e1val a sok lehet\u0151s\u00e9g\u00fcnk ny\u00edlt a n\u00e9met \u00e9s az angol nyelv gyakorl\u00e1s\u00e1ra. A d\u00e9lut\u00e1nokat tartalmas programokkal t\u00f6lt\u00f6tt\u00fck meg. Karintia tartom\u00e1ny gazdag a term\u00e9szeti sz\u00e9ps\u00e9gekben, a t\u00f6rt\u00e9nelmi eml\u00e9kekben \u00e9s a lehet\u0151s\u00e9gekben.<\/p>\n<p>J\u00e1rtunk a M\u00f6lltal- gleccsern\u00e9l 3150 m\u00e9ter magasan, haj\u00f3k\u00e1ztunk az Ossiacher tavon, j\u00e1rtuk a mak\u00e1k\u00f3 majmok szabad birodalm\u00e1ban, Gm\u00fcndben pedig a Porsche M\u00fazeumban voltunk. V\u00e9gigs\u00e9t\u00e1ltunk Eur\u00f3pa legnagyobb v\u00edzz\u00e1r\u00f3 g\u00e1tj\u00e1n, a Maltatalon. 120 m\u00e9tert cs\u00faszd\u00e1ztunk a 71 m\u00e9ter magas Pyramidenkogelb\u00f3l. W\u00f6rthersee partj\u00e1n elter\u00fcl\u0151 Minimundusban megcsod\u00e1lhattuk a vil\u00e1g 156 legszebb \u00e9p\u00edtm\u00e9ny\u00e9nek makettj\u00e9t \u00e9s a vil\u00e1gegyetem kialakul\u00e1s\u00e1t \u00e9lhett\u00fck \u00e1t a Planet\u00e1riumban.<\/p>\n<p>K\u00f6sz\u00f6nj\u00fck szervez\u0151 tan\u00e1rainknak Kiss L\u00e1szl\u00f3n\u00e9 Ildi n\u00e9ninek \u00e9s Kissn\u00e9 Horv\u00e1th Ad\u00e9l tan\u00e1rn\u0151nek, akik mindent megtettek, hogy sz\u00e9p \u00e9lm\u00e9nyekkel gazdagodva t\u00e9rj\u00fcnk haza.<\/p>\n","protected":false},"excerpt":{"rendered":"<p>A Gy\u0151ri Radn\u00f3ti Mikl\u00f3s \u00c1ltal\u00e1nos Iskola, a Gy\u0151ri Bart\u00f3k B\u00e9la \u00c9nek-zenei \u00c1ltal\u00e1nos Iskola \u00e9s a Gy\u0151ri M\u00f3ra Ferenc \u00c1ltal\u00e1nos Iskola k\u00f6z\u00f6s csapata nyelvi t\u00e1boroz\u00e1son vett r\u00e9szt j\u00falius 1-6-ig az ausztriai Obervellach v\u00e1ros\u00e1ban. A d\u00e9lel\u0151tti \u00f3r\u00e1kon \u00e9s a v\u00e1rosi \u201eK\u00e9rdezz-felelek\u201d alkalm\u00e1val a sok lehet\u0151s\u00e9g\u00fcnk ny\u00edlt a n\u00e9met \u00e9s az angol nyelv gyakorl\u00e1s\u00e1ra. A d\u00e9lut\u00e1nokat tartalmas programokkal [&hellip;]<\/p>\n","protected":false},"author":1,"featured_media":0,"parent":0,"menu_order":0,"comment_status":"closed","ping_status":"closed","template":"","meta":{"ngg_post_thumbnail":0,"footnotes":""},"class_list":["post-786","page","type-page","status-publish","hentry"],"_links":{"self":[{"href":"http:\/\/www.radnotiiskola.hu\/new\/wp-json\/wp\/v2\/pages\/786","targetHints":{"allow":["GET"]}}],"collection":[{"href":"http:\/\/www.radnotiiskola.hu\/new\/wp-json\/wp\/v2\/pages"}],"about":[{"href":"http:\/\/www.radnotiiskola.hu\/new\/wp-json\/wp\/v2\/types\/page"}],"author":[{"embeddable":true,"href":"http:\/\/www.radnotiiskola.hu\/new\/wp-json\/wp\/v2\/users\/1"}],"replies":[{"embeddable":true,"href":"http:\/\/www.radnotiiskola.hu\/new\/wp-json\/wp\/v2\/comments?post=786"}],"version-history":[{"count":0,"href":"http:\/\/www.radnotiiskola.hu\/new\/wp-json\/wp\/v2\/pages\/786\/revisions"}],"wp:attachment":[{"href":"http:\/\/www.radnotiiskola.hu\/new\/wp-json\/wp\/v2\/media?parent=786"}],"curies":[{"name":"wp","href":"https:\/\/api.w.org\/{rel}","templated":true}]}}

Nyelvi tábor Ausztriában

<p><img loading="lazy" decoding="async" class="size-medium wp-image-787 alignright" src="http://www.radnotiiskola.hu/new/wp-content/uploads/2018/11/Salzburgban_Mozart_szülővárosában-300x225.jpg" alt="" width="300" height="225" srcset="http://www.radnotiiskola.hu/new/wp-content/uploads/2018/11/Salzburgban_Mozart_szülővárosában-300x225.jpg 300w, http://www.radnotiiskola.hu/new/wp-content/uploads/2018/11/Salzburgban_Mozart_szülővárosában.jpg 640w" sizes="auto, (max-width: 300px) 100vw, 300px" />A Győri Radnóti Miklós Általános Iskola, a Győri Bartók Béla Ének-zenei Általános Iskola és a Győri Móra Ferenc Általános Iskola közös csapata nyelvi táborozáson vett részt július 1-6-ig az ausztriai Obervellach városában.</p>
<p>A délelőtti órákon és a városi „Kérdezz-felelek” alkalmával a sok lehetőségünk nyílt a német és az angol nyelv gyakorlására. A délutánokat tartalmas programokkal töltöttük meg. Karintia tartomány gazdag a természeti szépségekben, a történelmi emlékekben és a lehetőségekben.</p>
<p>Jártunk a Mölltal- gleccsernél 3150 méter magasan, hajókáztunk az Ossiacher tavon, jártuk a makákó majmok szabad birodalmában, Gmündben pedig a Porsche Múzeumban voltunk. Végigsétáltunk Európa legnagyobb vízzáró gátján, a Maltatalon. 120 métert csúszdáztunk a 71 méter magas Pyramidenkogelból. Wörthersee partján elterülő Minimundusban megcsodálhattuk a világ 156 legszebb építményének makettjét és a világegyetem kialakulását élhettük át a Planetáriumban.</p>
<p>Köszönjük szervező tanárainknak Kiss Lászlóné Ildi néninek és Kissné Horváth Adél tanárnőnek, akik mindent megtettek, hogy szép élményekkel gazdagodva térjünk haza.</p>

<p>A Győri Radnóti Miklós Általános Iskola, a Győri Bartók Béla Ének-zenei Általános Iskola és a Győri Móra Ferenc Általános Iskola közös csapata nyelvi táborozáson vett részt július 1-6-ig az ausztriai Obervellach városában. A délelőtti órákon és a városi „Kérdezz-felelek” alkalmával a sok lehetőségünk nyílt a német és az angol nyelv gyakorlására. A délutánokat tartalmas programokkal [&hellip;]</p>
