{"id":800,"date":"2018-11-25T12:59:10","date_gmt":"2018-11-25T12:59:10","guid":{"rendered":"http:\/\/www.radnotiiskola.hu\/new\/?page_id=800"},"modified":"2018-11-25T12:59:10","modified_gmt":"2018-11-25T12:59:10","slug":"kihivas-napja","status":"publish","type":"page","link":"http:\/\/www.radnotiiskola.hu\/new\/kihivas-napja\/","title":{"rendered":"Kih\u00edv\u00e1s Napja"},"content":{"rendered":"<p><img loading=\"lazy\" decoding=\"async\" class=\"size-medium wp-image-801 alignright\" src=\"http:\/\/www.radnotiiskola.hu\/new\/wp-content\/uploads\/2018\/11\/kihiv1-300x225.png\" alt=\"\" width=\"300\" height=\"225\" srcset=\"http:\/\/www.radnotiiskola.hu\/new\/wp-content\/uploads\/2018\/11\/kihiv1-300x225.png 300w, http:\/\/www.radnotiiskola.hu\/new\/wp-content\/uploads\/2018\/11\/kihiv1.png 420w\" sizes=\"auto, (max-width: 300px) 100vw, 300px\" \/> 2018. m\u00e1jus 30.<\/p>\n<p>A Kih\u00edv\u00e1s Napja 1982-ben indult Kanad\u00e1b\u00f3l, ahol k\u00e9t szomsz\u00e9dos v\u00e1ros vezet\u0151i elhat\u00e1rozt\u00e1k, hogy egy eg\u00e9sz napos verseny keret\u00e9ben d\u00f6ntik el, melyik\u00fck v\u00e1rosa a sportosabb.<\/p>\n<p>A verseny eld\u00f6nt\u00e9s\u00e9hez 0 \u00f3r\u00e1t\u00f3l este 9-ig folyamatosan sz\u00e1molt\u00e1k, h\u00e1nyan v\u00e9geznek akt\u00edv testmozg\u00e1st legal\u00e1bb 15 percen kereszt\u00fcl.<\/p>\n<p>A Kih\u00edv\u00e1s Napja hamar meghonosodott szerte Eur\u00f3p\u00e1ban \u00e9s a nagyvil\u00e1gban, majd 1991-ben Magyarorsz\u00e1gra is meg\u00e9rkezett. Haz\u00e1nkban eddig \u00f6sszesen 1596 telep\u00fcl\u00e9s vett r\u00e9szt a vet\u00e9lked\u00e9sben. Tavaly a versenyben r\u00e9szt vett falvak \u00e9s v\u00e1rosok lak\u00f3i egyetlen nap alatt t\u00f6bb, mint 3 milli\u00f3 negyed\u00f3r\u00e1s testmozg\u00e1st v\u00e9geztek.<\/p>\n<p>A Kih\u00edv\u00e1s Napj\u00e1nak c\u00e9lja az, hogy kedvet teremtsen a mozg\u00e1shoz, az eg\u00e9szs\u00e9ges \u00e9letm\u00f3dhoz!<\/p>\n<p>ISKOL\u00c1NK IS CSATALAKOZOTT A V\u00c1ROSI KEZDEM\u00c9NYEZ\u00c9SHEZ!<\/p>\n<p>Ezen a napon gazdag mozg\u00e1sprogramok v\u00e1rtak kicsikre \u00e9s nagyokra egyar\u00e1nt!<\/p>\n<p>Volt pl. zen\u00e9s aerobik, j\u00e1t\u00e9kos v\u00e1lt\u00f3verseny a k\u00f6ly\u00f6katl\u00e9tika \u00e9s a TE IS sporteszk\u00f6z\u00f6k felhaszn\u00e1l\u00e1s\u00e1val. P\u00f3kfoci, t\u0171zharc, fog\u00f3j\u00e1t\u00e9kok. \u00d6nfeledt tollaslabd\u00e1z\u00e1s \u00e9s futball, floorball \u00e9s r\u00f6plabda m\u00e9rk\u0151z\u00e9sek. N\u00e9pt\u00e1nc, n\u00e9pi j\u00e1t\u00e9kok \u00e9s t\u00e1nctanul\u00e1s is sz\u00ednes\u00edtette a programot.<\/p>\n<p>Szervez\u0151k:<\/p>\n<p>S\u00fct\u00f6rin\u00e9 Hada Ildik\u00f3<\/p>\n<p>Turb\u00e9k \u00c1d\u00e1m<\/p>\n<p style=\"text-align: center;\"><img loading=\"lazy\" decoding=\"async\" class=\"alignnone size-medium wp-image-802\" src=\"http:\/\/www.radnotiiskola.hu\/new\/wp-content\/uploads\/2018\/11\/kihiv2-300x225.png\" alt=\"\" width=\"300\" height=\"225\" srcset=\"http:\/\/www.radnotiiskola.hu\/new\/wp-content\/uploads\/2018\/11\/kihiv2-300x225.png 300w, http:\/\/www.radnotiiskola.hu\/new\/wp-content\/uploads\/2018\/11\/kihiv2.png 412w\" sizes=\"auto, (max-width: 300px) 100vw, 300px\" \/><\/p>\n","protected":false},"excerpt":{"rendered":"<p>2018. m\u00e1jus 30. A Kih\u00edv\u00e1s Napja 1982-ben indult Kanad\u00e1b\u00f3l, ahol k\u00e9t szomsz\u00e9dos v\u00e1ros vezet\u0151i elhat\u00e1rozt\u00e1k, hogy egy eg\u00e9sz napos verseny keret\u00e9ben d\u00f6ntik el, melyik\u00fck v\u00e1rosa a sportosabb. A verseny eld\u00f6nt\u00e9s\u00e9hez 0 \u00f3r\u00e1t\u00f3l este 9-ig folyamatosan sz\u00e1molt\u00e1k, h\u00e1nyan v\u00e9geznek akt\u00edv testmozg\u00e1st legal\u00e1bb 15 percen kereszt\u00fcl. A Kih\u00edv\u00e1s Napja hamar meghonosodott szerte Eur\u00f3p\u00e1ban \u00e9s a nagyvil\u00e1gban, majd [&hellip;]<\/p>\n","protected":false},"author":1,"featured_media":0,"parent":0,"menu_order":0,"comment_status":"closed","ping_status":"closed","template":"","meta":{"ngg_post_thumbnail":0,"footnotes":""},"class_list":["post-800","page","type-page","status-publish","hentry"],"_links":{"self":[{"href":"http:\/\/www.radnotiiskola.hu\/new\/wp-json\/wp\/v2\/pages\/800","targetHints":{"allow":["GET"]}}],"collection":[{"href":"http:\/\/www.radnotiiskola.hu\/new\/wp-json\/wp\/v2\/pages"}],"about":[{"href":"http:\/\/www.radnotiiskola.hu\/new\/wp-json\/wp\/v2\/types\/page"}],"author":[{"embeddable":true,"href":"http:\/\/www.radnotiiskola.hu\/new\/wp-json\/wp\/v2\/users\/1"}],"replies":[{"embeddable":true,"href":"http:\/\/www.radnotiiskola.hu\/new\/wp-json\/wp\/v2\/comments?post=800"}],"version-history":[{"count":0,"href":"http:\/\/www.radnotiiskola.hu\/new\/wp-json\/wp\/v2\/pages\/800\/revisions"}],"wp:attachment":[{"href":"http:\/\/www.radnotiiskola.hu\/new\/wp-json\/wp\/v2\/media?parent=800"}],"curies":[{"name":"wp","href":"https:\/\/api.w.org\/{rel}","templated":true}]}}

Kihívás Napja

<p><img loading="lazy" decoding="async" class="size-medium wp-image-801 alignright" src="http://www.radnotiiskola.hu/new/wp-content/uploads/2018/11/kihiv1-300x225.png" alt="" width="300" height="225" srcset="http://www.radnotiiskola.hu/new/wp-content/uploads/2018/11/kihiv1-300x225.png 300w, http://www.radnotiiskola.hu/new/wp-content/uploads/2018/11/kihiv1.png 420w" sizes="auto, (max-width: 300px) 100vw, 300px" /> 2018. május 30.</p>
<p>A Kihívás Napja 1982-ben indult Kanadából, ahol két szomszédos város vezetői elhatározták, hogy egy egész napos verseny keretében döntik el, melyikük városa a sportosabb.</p>
<p>A verseny eldöntéséhez 0 órától este 9-ig folyamatosan számolták, hányan végeznek aktív testmozgást legalább 15 percen keresztül.</p>
<p>A Kihívás Napja hamar meghonosodott szerte Európában és a nagyvilágban, majd 1991-ben Magyarországra is megérkezett. Hazánkban eddig összesen 1596 település vett részt a vetélkedésben. Tavaly a versenyben részt vett falvak és városok lakói egyetlen nap alatt több, mint 3 millió negyedórás testmozgást végeztek.</p>
<p>A Kihívás Napjának célja az, hogy kedvet teremtsen a mozgáshoz, az egészséges életmódhoz!</p>
<p>ISKOLÁNK IS CSATALAKOZOTT A VÁROSI KEZDEMÉNYEZÉSHEZ!</p>
<p>Ezen a napon gazdag mozgásprogramok vártak kicsikre és nagyokra egyaránt!</p>
<p>Volt pl. zenés aerobik, játékos váltóverseny a kölyökatlétika és a TE IS sporteszközök felhasználásával. Pókfoci, tűzharc, fogójátékok. Önfeledt tollaslabdázás és futball, floorball és röplabda mérkőzések. Néptánc, népi játékok és tánctanulás is színesítette a programot.</p>
<p>Szervezők:</p>
<p>Sütöriné Hada Ildikó</p>
<p>Turbék Ádám</p>
<p style="text-align: center;"><img loading="lazy" decoding="async" class="alignnone size-medium wp-image-802" src="http://www.radnotiiskola.hu/new/wp-content/uploads/2018/11/kihiv2-300x225.png" alt="" width="300" height="225" srcset="http://www.radnotiiskola.hu/new/wp-content/uploads/2018/11/kihiv2-300x225.png 300w, http://www.radnotiiskola.hu/new/wp-content/uploads/2018/11/kihiv2.png 412w" sizes="auto, (max-width: 300px) 100vw, 300px" /></p>

<p>2018. május 30. A Kihívás Napja 1982-ben indult Kanadából, ahol két szomszédos város vezetői elhatározták, hogy egy egész napos verseny keretében döntik el, melyikük városa a sportosabb. A verseny eldöntéséhez 0 órától este 9-ig folyamatosan számolták, hányan végeznek aktív testmozgást legalább 15 percen keresztül. A Kihívás Napja hamar meghonosodott szerte Európában és a nagyvilágban, majd [&hellip;]</p>
