{"id":83,"date":"2018-09-30T09:11:26","date_gmt":"2018-09-30T09:11:26","guid":{"rendered":"http:\/\/www.radnotiiskola.hu\/new\/?page_id=83"},"modified":"2026-04-02T15:26:40","modified_gmt":"2026-04-02T15:26:40","slug":"hitoktatas","status":"publish","type":"page","link":"http:\/\/www.radnotiiskola.hu\/new\/hitoktatas\/","title":{"rendered":"Hitoktat\u00e1s"},"content":{"rendered":"<p><strong>Hit-\u00e9s erk\u00f6lcstan oktat\u00e1st v\u00e1llal\u00f3 egyh\u00e1zi jogi szem\u00e9lyek iskol\u00e1nkban<\/strong><\/p>\n<p><strong>Magyar Katolikus Egyh\u00e1z<\/strong><\/p>\n<ul>\n<li>k\u00e9pvisel\u0151je: B\u00f6cskei Gy\u0151z\u0151 v\u00e1rospl\u00e9b\u00e1nos<\/li>\n<li>c\u00edme: R. K. Pl\u00e9b\u00e1nia Hivatal<br \/>\n9021 Gy\u0151r, Belv\u00e1ros K\u00e1ptalandomb<\/li>\n<li>telefon: 96-618-304<\/li>\n<\/ul>\n<p><strong>&nbsp;<\/strong><strong>Magyarorsz\u00e1gi Evang\u00e9likus Egyh\u00e1z<\/strong><\/p>\n<p>Gy\u0151ri Evang\u00e9likus Egyh\u00e1zk\u00f6zs\u00e9g<\/p>\n<ul>\n<li>k\u00e9pvisel\u0151je: Vancsai J\u00f3zsef igazgat\u00f3 lelk\u00e9sz<\/li>\n<li>lelk\u00e9szi hivatal: 20\/824-8101<\/li>\n<li>c\u00edme: 9025 Gy\u0151r, Pet\u0151fi t\u00e9r 2<\/li>\n<li>el\u00e9rhet\u0151s\u00e9g: <a href=\"mailto:gyor@lutheran.hu\" target=\"_blank\" rel=\"noopener noreferrer\">gyor@lutheran.hu<\/a>&nbsp;<\/li>\n<li><a href=\"https:\/\/hitoktatas.lutheran.hu\/\">t\u00e1j\u00e9koztat\u00f3 link<\/a><\/li>\n<\/ul>\n<p>&nbsp;<strong>Magyarorsz\u00e1gi Reform\u00e1tus Egyh\u00e1z<\/strong><\/p>\n<p>Gy\u0151ri Reform\u00e1tus Egyh\u00e1zk\u00f6zs\u00e9g<\/p>\n<ul>\n<li>k\u00e9pvisel\u0151je: Wagner Tam\u00e1s lelkip\u00e1sztor<\/li>\n<li>c\u00edme: 9025 Gy\u0151r, Kossuth L. u. 9<\/li>\n<li>Telefon: 06-96-337-323<\/li>\n<\/ul>\n<p><strong>Gy\u0151ri G\u00f6r\u00f6gkatolikus Egyh\u00e1zk\u00f6zs\u00e9g<\/strong><\/p>\n<ul>\n<li>k\u00e9pvisel\u0151je: Tasi Tam\u00e1s par\u00f3kus<\/li>\n<li>c\u00edme: 9025 Gy\u0151r, B\u00e1lint Mih\u00e1ly \u00fat 54.<\/li>\n<li>Telefon: 30-689-9954<\/li>\n<li>e-mail:tasi.tams@gmail.hu<\/li>\n<\/ul>\n<p><strong>Hit gy\u00fclekezete<\/strong><\/p>\n<ul>\n<li>c\u00edme: 1103 Budapest Gy\u00f6mr\u0151i \u00fat 69.<\/li>\n<li>k\u00e9pvisel\u0151je: Petr\u0151cz L\u00e1szl\u00f3<\/li>\n<li>El\u00e9rhet\u0151s\u00e9ge:&nbsp;hitoktatas@hit.hu<\/li>\n<\/ul>\n<p><strong>Magyarorsz\u00e1gi Unit\u00e1rius Egyh\u00e1z<\/strong><\/p>\n<ul>\n<li>Egyh\u00e1zker\u00fcleti Hivatal 1055 Budapest, Nagy Ign\u00e1c u 2-4<\/li>\n<li>Telefon: +36 1&nbsp;311 2801<\/li>\n<li>\u00c9szak-Dun\u00e1nt\u00fali Unit\u00e1rius Sz\u00f3rv\u00e1nyegyh\u00e1zk\u00f6zs\u00e9g \/Gy\u0151r\/<\/li>\n<li>lelk\u00e9sz: K\u00e1szoni-K\u00f6vendi J\u00f3zsef<\/li>\n<li>Telefon: +36 70&nbsp;573 8530, +36 30&nbsp;468 9487<\/li>\n<\/ul>\n<p><strong>Mazsihisz<\/strong><\/p>\n<ul>\n<li>C\u00edm: MAZSIHISZ 1075 Bp. S\u00edp u. 12.<\/li>\n<li>Telefon: 413-55-78 (Irodai k\u00f6zvetlen)<\/li>\n<li>e-mail: <a href=\"mailto:oktatas@mazsihisz.hu\">oktatas@mazsihisz.hu<\/a><\/li>\n<\/ul>\n<p>&nbsp;<\/p>\n","protected":false},"excerpt":{"rendered":"<p>Hit-\u00e9s erk\u00f6lcstan oktat\u00e1st v\u00e1llal\u00f3 egyh\u00e1zi jogi szem\u00e9lyek iskol\u00e1nkban Magyar Katolikus Egyh\u00e1z k\u00e9pvisel\u0151je: B\u00f6cskei Gy\u0151z\u0151 v\u00e1rospl\u00e9b\u00e1nos c\u00edme: R. K. Pl\u00e9b\u00e1nia Hivatal 9021 Gy\u0151r, Belv\u00e1ros K\u00e1ptalandomb telefon: 96-618-304 &nbsp;Magyarorsz\u00e1gi Evang\u00e9likus Egyh\u00e1z Gy\u0151ri Evang\u00e9likus Egyh\u00e1zk\u00f6zs\u00e9g k\u00e9pvisel\u0151je: Vancsai J\u00f3zsef igazgat\u00f3 lelk\u00e9sz lelk\u00e9szi hivatal: 20\/824-8101 c\u00edme: 9025 Gy\u0151r, Pet\u0151fi t\u00e9r 2 el\u00e9rhet\u0151s\u00e9g: gyor@lutheran.hu&nbsp; t\u00e1j\u00e9koztat\u00f3 link &nbsp;Magyarorsz\u00e1gi Reform\u00e1tus Egyh\u00e1z Gy\u0151ri Reform\u00e1tus [&hellip;]<\/p>\n","protected":false},"author":1,"featured_media":0,"parent":0,"menu_order":0,"comment_status":"closed","ping_status":"closed","template":"","meta":{"ngg_post_thumbnail":0,"footnotes":""},"class_list":["post-83","page","type-page","status-publish","hentry"],"_links":{"self":[{"href":"http:\/\/www.radnotiiskola.hu\/new\/wp-json\/wp\/v2\/pages\/83","targetHints":{"allow":["GET"]}}],"collection":[{"href":"http:\/\/www.radnotiiskola.hu\/new\/wp-json\/wp\/v2\/pages"}],"about":[{"href":"http:\/\/www.radnotiiskola.hu\/new\/wp-json\/wp\/v2\/types\/page"}],"author":[{"embeddable":true,"href":"http:\/\/www.radnotiiskola.hu\/new\/wp-json\/wp\/v2\/users\/1"}],"replies":[{"embeddable":true,"href":"http:\/\/www.radnotiiskola.hu\/new\/wp-json\/wp\/v2\/comments?post=83"}],"version-history":[{"count":1,"href":"http:\/\/www.radnotiiskola.hu\/new\/wp-json\/wp\/v2\/pages\/83\/revisions"}],"predecessor-version":[{"id":4795,"href":"http:\/\/www.radnotiiskola.hu\/new\/wp-json\/wp\/v2\/pages\/83\/revisions\/4795"}],"wp:attachment":[{"href":"http:\/\/www.radnotiiskola.hu\/new\/wp-json\/wp\/v2\/media?parent=83"}],"curies":[{"name":"wp","href":"https:\/\/api.w.org\/{rel}","templated":true}]}}

Hitoktatás

<p><strong>Hit-és erkölcstan oktatást vállaló egyházi jogi személyek iskolánkban</strong></p>
<p><strong>Magyar Katolikus Egyház</strong></p>
<ul>
<li>képviselője: Böcskei Győző városplébános</li>
<li>címe: R. K. Plébánia Hivatal<br />
9021 Győr, Belváros Káptalandomb</li>
<li>telefon: 96-618-304</li>
</ul>
<p><strong>&nbsp;</strong><strong>Magyarországi Evangélikus Egyház</strong></p>
<p>Győri Evangélikus Egyházközség</p>
<ul>
<li>képviselője: Vancsai József igazgató lelkész</li>
<li>lelkészi hivatal: 20/824-8101</li>
<li>címe: 9025 Győr, Petőfi tér 2</li>
<li>elérhetőség: <a href="mailto:gyor@lutheran.hu" target="_blank" rel="noopener noreferrer">gyor@lutheran.hu</a>&nbsp;</li>
<li><a href="https://hitoktatas.lutheran.hu/">tájékoztató link</a></li>
</ul>
<p>&nbsp;<strong>Magyarországi Református Egyház</strong></p>
<p>Győri Református Egyházközség</p>
<ul>
<li>képviselője: Wagner Tamás lelkipásztor</li>
<li>címe: 9025 Győr, Kossuth L. u. 9</li>
<li>Telefon: 06-96-337-323</li>
</ul>
<p><strong>Győri Görögkatolikus Egyházközség</strong></p>
<ul>
<li>képviselője: Tasi Tamás parókus</li>
<li>címe: 9025 Győr, Bálint Mihály út 54.</li>
<li>Telefon: 30-689-9954</li>
<li>e-mail:tasi.tams@gmail.hu</li>
</ul>
<p><strong>Hit gyülekezete</strong></p>
<ul>
<li>címe: 1103 Budapest Gyömrői út 69.</li>
<li>képviselője: Petrőcz László</li>
<li>Elérhetősége:&nbsp;hitoktatas@hit.hu</li>
</ul>
<p><strong>Magyarországi Unitárius Egyház</strong></p>
<ul>
<li>Egyházkerületi Hivatal 1055 Budapest, Nagy Ignác u 2-4</li>
<li>Telefon: +36 1&nbsp;311 2801</li>
<li>Észak-Dunántúli Unitárius Szórványegyházközség /Győr/</li>
<li>lelkész: Kászoni-Kövendi József</li>
<li>Telefon: +36 70&nbsp;573 8530, +36 30&nbsp;468 9487</li>
</ul>
<p><strong>Mazsihisz</strong></p>
<ul>
<li>Cím: MAZSIHISZ 1075 Bp. Síp u. 12.</li>
<li>Telefon: 413-55-78 (Irodai közvetlen)</li>
<li>e-mail: <a href="mailto:oktatas@mazsihisz.hu">oktatas@mazsihisz.hu</a></li>
</ul>
<p>&nbsp;</p>

<p>Hit-és erkölcstan oktatást vállaló egyházi jogi személyek iskolánkban Magyar Katolikus Egyház képviselője: Böcskei Győző városplébános címe: R. K. Plébánia Hivatal 9021 Győr, Belváros Káptalandomb telefon: 96-618-304 &nbsp;Magyarországi Evangélikus Egyház Győri Evangélikus Egyházközség képviselője: Vancsai József igazgató lelkész lelkészi hivatal: 20/824-8101 címe: 9025 Győr, Petőfi tér 2 elérhetőség: gyor@lutheran.hu&nbsp; tájékoztató link &nbsp;Magyarországi Református Egyház Győri Református [&hellip;]</p>
