{"id":850,"date":"2018-11-25T13:30:43","date_gmt":"2018-11-25T13:30:43","guid":{"rendered":"http:\/\/www.radnotiiskola.hu\/new\/?page_id=850"},"modified":"2018-11-25T13:30:43","modified_gmt":"2018-11-25T13:30:43","slug":"mikulas-latogatasa-iskolankban-2017-december-6","status":"publish","type":"page","link":"http:\/\/www.radnotiiskola.hu\/new\/mikulas-latogatasa-iskolankban-2017-december-6\/","title":{"rendered":"Mikul\u00e1s l\u00e1togat\u00e1sa iskol\u00e1nkban (2017. december 6.)"},"content":{"rendered":"<p><img loading=\"lazy\" decoding=\"async\" class=\"size-medium wp-image-851 alignright\" src=\"http:\/\/www.radnotiiskola.hu\/new\/wp-content\/uploads\/2018\/11\/1-300x200.png\" alt=\"\" width=\"300\" height=\"200\" srcset=\"http:\/\/www.radnotiiskola.hu\/new\/wp-content\/uploads\/2018\/11\/1-300x200.png 300w, http:\/\/www.radnotiiskola.hu\/new\/wp-content\/uploads\/2018\/11\/1.png 395w\" sizes=\"auto, (max-width: 300px) 100vw, 300px\" \/>J\u00f3nak lenni j\u00f3!<\/p>\n<p>Az advent sz\u00f3 jelent\u00e9se elj\u00f6vetel. Iskol\u00e1nkban mi is megpr\u00f3b\u00e1lunk ebben az id\u0151szakban elcs\u00f6ndesedni, egym\u00e1sra jobban odafigyelni, sz\u00edv\u00fcnket kit\u00e1rva a m\u00e1sik fel\u00e9.\u00a0Az advent nyit\u00f3 \u00fcnnepe egyed\u00fcl a gyermekek\u00e9. Akik Mikul\u00e1s \u00fcnnep\u00e9re kif\u00e9nyes\u00edtik csizm\u00e1csk\u00e1ikat \u00e9s kiteszik az ablakba, hogy abba tegye Mikul\u00e1s meglepet\u00e9s aj\u00e1nd\u00e9kait.\u00a0\u0150t l\u00e1tni term\u00e9szetesen nem fogj\u00e1k, hisz mostan\u00e1ban m\u00e1r nagyon kor\u00e1n s\u00f6t\u00e9tedik. A Mikul\u00e1s pedig nagyon gyorsan j\u00f6n \u00e9s egy pillanat alatt m\u00e1r tova is siet sz\u00e1nj\u00e1val, mert egy \u00e9jszaka alatt a vil\u00e1g \u00f6sszes gyermek\u00e9t meg kell l\u00e1togatnia. Amelyik gyerek azonban nagyon szerencs\u00e9s, az szem\u00e9lyesen is tal\u00e1lkozhat vele.<\/p>\n<p>&nbsp;<\/p>\n<p>\u00cdgy volt ez a radn\u00f3tis kisdi\u00e1kokkal is. S\u00fct\u00f6rin\u00e9 Ildi n\u00e9ni \u00edrt Mikul\u00e1snak egy levelet, melyben arra k\u00e9rte, hogy l\u00e1togasson el iskol\u00e1nkba. S ahogy lenni szokott, Mikul\u00e1s teljes\u00edtette is ezt a k\u00edv\u00e1ns\u00e1got.\u00a0A gyerekek nagyon \u00f6r\u00fcltek a v\u00e1ratlan vend\u00e9gnek. \u00a0S hogy kipihenje utaz\u00e1sa f\u00e1radalmait, \u00e9nekkel \u00e9s verssel \u00f6rvendeztett\u00e9k meg a j\u00f3s\u00e1gos \u00f6regembert. Elhangzott a \u201eHull a pelyhes feh\u00e9r h\u00f3\u201d, a Micimack\u00f3, a Megj\u00f6tt a Mikul\u00e1s \u2026, s a \u201eRossz gyerekek\u201d c. dal. S elverselt\u00e9k We\u00f6res S\u00e1ndor Sz\u00e1ncseng\u0151 c. vers\u00e9t is. V\u00e9g\u00fcl a kicsi els\u0151s\u00f6k az \u201eEmber, ember, december\u201d c. dal elj\u00e1tsz\u00e1s\u00e1val z\u00e1rt\u00e1k a programot.<\/p>\n<p>Mikul\u00e1snak nagyon tetszett valamennyi produkci\u00f3, s viszonz\u00e1sul minden als\u00f3sr\u00f3l felolvasta a mindent l\u00e1t\u00f3 k\u00f6nyv\u00e9b\u0151l, hogy kir\u0151l mi j\u00f3t, s rosszat hallott, s term\u00e9szetesen szaloncukor is el\u0151ker\u00fclt Mikul\u00e1s zs\u00e1kj\u00e1b\u00f3l.<\/p>\n<p>S v\u00e9g\u00fcl meg\u00edg\u00e9rte, hogy j\u00f6v\u0151re is ell\u00e1togat a radn\u00f3tis kisdi\u00e1kokhoz!<\/p>\n<p>Szervez\u0151:<\/p>\n<p><em>S\u00fct\u00f6rin\u00e9 Hada Ildik\u00f3<\/em><\/p>\n","protected":false},"excerpt":{"rendered":"<p>J\u00f3nak lenni j\u00f3! Az advent sz\u00f3 jelent\u00e9se elj\u00f6vetel. Iskol\u00e1nkban mi is megpr\u00f3b\u00e1lunk ebben az id\u0151szakban elcs\u00f6ndesedni, egym\u00e1sra jobban odafigyelni, sz\u00edv\u00fcnket kit\u00e1rva a m\u00e1sik fel\u00e9.\u00a0Az advent nyit\u00f3 \u00fcnnepe egyed\u00fcl a gyermekek\u00e9. Akik Mikul\u00e1s \u00fcnnep\u00e9re kif\u00e9nyes\u00edtik csizm\u00e1csk\u00e1ikat \u00e9s kiteszik az ablakba, hogy abba tegye Mikul\u00e1s meglepet\u00e9s aj\u00e1nd\u00e9kait.\u00a0\u0150t l\u00e1tni term\u00e9szetesen nem fogj\u00e1k, hisz mostan\u00e1ban m\u00e1r nagyon kor\u00e1n s\u00f6t\u00e9tedik. [&hellip;]<\/p>\n","protected":false},"author":1,"featured_media":0,"parent":0,"menu_order":0,"comment_status":"closed","ping_status":"closed","template":"","meta":{"ngg_post_thumbnail":0,"footnotes":""},"class_list":["post-850","page","type-page","status-publish","hentry"],"_links":{"self":[{"href":"http:\/\/www.radnotiiskola.hu\/new\/wp-json\/wp\/v2\/pages\/850","targetHints":{"allow":["GET"]}}],"collection":[{"href":"http:\/\/www.radnotiiskola.hu\/new\/wp-json\/wp\/v2\/pages"}],"about":[{"href":"http:\/\/www.radnotiiskola.hu\/new\/wp-json\/wp\/v2\/types\/page"}],"author":[{"embeddable":true,"href":"http:\/\/www.radnotiiskola.hu\/new\/wp-json\/wp\/v2\/users\/1"}],"replies":[{"embeddable":true,"href":"http:\/\/www.radnotiiskola.hu\/new\/wp-json\/wp\/v2\/comments?post=850"}],"version-history":[{"count":0,"href":"http:\/\/www.radnotiiskola.hu\/new\/wp-json\/wp\/v2\/pages\/850\/revisions"}],"wp:attachment":[{"href":"http:\/\/www.radnotiiskola.hu\/new\/wp-json\/wp\/v2\/media?parent=850"}],"curies":[{"name":"wp","href":"https:\/\/api.w.org\/{rel}","templated":true}]}}

Mikulás látogatása iskolánkban (2017. december 6.)

<p><img loading="lazy" decoding="async" class="size-medium wp-image-851 alignright" src="http://www.radnotiiskola.hu/new/wp-content/uploads/2018/11/1-300x200.png" alt="" width="300" height="200" srcset="http://www.radnotiiskola.hu/new/wp-content/uploads/2018/11/1-300x200.png 300w, http://www.radnotiiskola.hu/new/wp-content/uploads/2018/11/1.png 395w" sizes="auto, (max-width: 300px) 100vw, 300px" />Jónak lenni jó!</p>
<p>Az advent szó jelentése eljövetel. Iskolánkban mi is megpróbálunk ebben az időszakban elcsöndesedni, egymásra jobban odafigyelni, szívünket kitárva a másik felé. Az advent nyitó ünnepe egyedül a gyermekeké. Akik Mikulás ünnepére kifényesítik csizmácskáikat és kiteszik az ablakba, hogy abba tegye Mikulás meglepetés ajándékait. Őt látni természetesen nem fogják, hisz mostanában már nagyon korán sötétedik. A Mikulás pedig nagyon gyorsan jön és egy pillanat alatt már tova is siet szánjával, mert egy éjszaka alatt a világ összes gyermekét meg kell látogatnia. Amelyik gyerek azonban nagyon szerencsés, az személyesen is találkozhat vele.</p>
<p>&nbsp;</p>
<p>Így volt ez a radnótis kisdiákokkal is. Sütöriné Ildi néni írt Mikulásnak egy levelet, melyben arra kérte, hogy látogasson el iskolánkba. S ahogy lenni szokott, Mikulás teljesítette is ezt a kívánságot. A gyerekek nagyon örültek a váratlan vendégnek.  S hogy kipihenje utazása fáradalmait, énekkel és verssel örvendeztették meg a jóságos öregembert. Elhangzott a „Hull a pelyhes fehér hó”, a Micimackó, a Megjött a Mikulás …, s a „Rossz gyerekek” c. dal. S elverselték Weöres Sándor Száncsengő c. versét is. Végül a kicsi elsősök az „Ember, ember, december” c. dal eljátszásával zárták a programot.</p>
<p>Mikulásnak nagyon tetszett valamennyi produkció, s viszonzásul minden alsósról felolvasta a mindent látó könyvéből, hogy kiről mi jót, s rosszat hallott, s természetesen szaloncukor is előkerült Mikulás zsákjából.</p>
<p>S végül megígérte, hogy jövőre is ellátogat a radnótis kisdiákokhoz!</p>
<p>Szervező:</p>
<p><em>Sütöriné Hada Ildikó</em></p>

<p>Jónak lenni jó! Az advent szó jelentése eljövetel. Iskolánkban mi is megpróbálunk ebben az időszakban elcsöndesedni, egymásra jobban odafigyelni, szívünket kitárva a másik felé. Az advent nyitó ünnepe egyedül a gyermekeké. Akik Mikulás ünnepére kifényesítik csizmácskáikat és kiteszik az ablakba, hogy abba tegye Mikulás meglepetés ajándékait. Őt látni természetesen nem fogják, hisz mostanában már nagyon korán sötétedik. [&hellip;]</p>
