{"id":889,"date":"2018-11-25T14:27:12","date_gmt":"2018-11-25T14:27:12","guid":{"rendered":"http:\/\/www.radnotiiskola.hu\/new\/?page_id=889"},"modified":"2018-11-25T14:27:12","modified_gmt":"2018-11-25T14:27:12","slug":"gyermekvedelem","status":"publish","type":"page","link":"http:\/\/www.radnotiiskola.hu\/new\/gyermekvedelem\/","title":{"rendered":"Gyermekv\u00e9delem"},"content":{"rendered":"<p><img loading=\"lazy\" decoding=\"async\" class=\"size-medium wp-image-890 alignright\" src=\"http:\/\/www.radnotiiskola.hu\/new\/wp-content\/uploads\/2018\/11\/gyerekvedelem555-300x200.jpg\" alt=\"\" width=\"300\" height=\"200\" srcset=\"http:\/\/www.radnotiiskola.hu\/new\/wp-content\/uploads\/2018\/11\/gyerekvedelem555-300x200.jpg 300w, http:\/\/www.radnotiiskola.hu\/new\/wp-content\/uploads\/2018\/11\/gyerekvedelem555.jpg 555w\" sizes=\"auto, (max-width: 300px) 100vw, 300px\" \/>Az al\u00e1bbi linken \u00e9rhet\u0151 el egy r\u00e9szletes t\u00e1j\u00e9koztat\u00f3 dokumentum a magyar gyermekv\u00e9delmi rendszer m\u0171k\u00f6d\u00e9s\u00e9r\u0151l:<\/p>\n<p><a href=\"http:\/\/hirek.nkp.hu\/letoltes\/36569_2017_KOZNEVTART_melleklet_Gyvt\" target=\"_blank\" rel=\"noopener\">http:\/\/hirek.nkp.hu\/letoltes\/36569_2017_KOZNEVTART_melleklet_Gyvt<\/a><\/p>\n","protected":false},"excerpt":{"rendered":"<p>Az al\u00e1bbi linken \u00e9rhet\u0151 el egy r\u00e9szletes t\u00e1j\u00e9koztat\u00f3 dokumentum a magyar gyermekv\u00e9delmi rendszer m\u0171k\u00f6d\u00e9s\u00e9r\u0151l: http:\/\/hirek.nkp.hu\/letoltes\/36569_2017_KOZNEVTART_melleklet_Gyvt<\/p>\n","protected":false},"author":1,"featured_media":0,"parent":0,"menu_order":0,"comment_status":"closed","ping_status":"closed","template":"","meta":{"ngg_post_thumbnail":0,"footnotes":""},"class_list":["post-889","page","type-page","status-publish","hentry"],"_links":{"self":[{"href":"http:\/\/www.radnotiiskola.hu\/new\/wp-json\/wp\/v2\/pages\/889","targetHints":{"allow":["GET"]}}],"collection":[{"href":"http:\/\/www.radnotiiskola.hu\/new\/wp-json\/wp\/v2\/pages"}],"about":[{"href":"http:\/\/www.radnotiiskola.hu\/new\/wp-json\/wp\/v2\/types\/page"}],"author":[{"embeddable":true,"href":"http:\/\/www.radnotiiskola.hu\/new\/wp-json\/wp\/v2\/users\/1"}],"replies":[{"embeddable":true,"href":"http:\/\/www.radnotiiskola.hu\/new\/wp-json\/wp\/v2\/comments?post=889"}],"version-history":[{"count":0,"href":"http:\/\/www.radnotiiskola.hu\/new\/wp-json\/wp\/v2\/pages\/889\/revisions"}],"wp:attachment":[{"href":"http:\/\/www.radnotiiskola.hu\/new\/wp-json\/wp\/v2\/media?parent=889"}],"curies":[{"name":"wp","href":"https:\/\/api.w.org\/{rel}","templated":true}]}}

Gyermekvédelem

<p><img loading="lazy" decoding="async" class="size-medium wp-image-890 alignright" src="http://www.radnotiiskola.hu/new/wp-content/uploads/2018/11/gyerekvedelem555-300x200.jpg" alt="" width="300" height="200" srcset="http://www.radnotiiskola.hu/new/wp-content/uploads/2018/11/gyerekvedelem555-300x200.jpg 300w, http://www.radnotiiskola.hu/new/wp-content/uploads/2018/11/gyerekvedelem555.jpg 555w" sizes="auto, (max-width: 300px) 100vw, 300px" />Az alábbi linken érhető el egy részletes tájékoztató dokumentum a magyar gyermekvédelmi rendszer működéséről:</p>
<p><a href="http://hirek.nkp.hu/letoltes/36569_2017_KOZNEVTART_melleklet_Gyvt" target="_blank" rel="noopener">http://hirek.nkp.hu/letoltes/36569_2017_KOZNEVTART_melleklet_Gyvt</a></p>

<p>Az alábbi linken érhető el egy részletes tájékoztató dokumentum a magyar gyermekvédelmi rendszer működéséről: http://hirek.nkp.hu/letoltes/36569_2017_KOZNEVTART_melleklet_Gyvt</p>
