{"id":901,"date":"2018-11-25T14:34:00","date_gmt":"2018-11-25T14:34:00","guid":{"rendered":"http:\/\/www.radnotiiskola.hu\/new\/?page_id=901"},"modified":"2018-11-25T14:34:00","modified_gmt":"2018-11-25T14:34:00","slug":"2017-2018-as-tanev-rendje","status":"publish","type":"page","link":"http:\/\/www.radnotiiskola.hu\/new\/2017-2018-as-tanev-rendje\/","title":{"rendered":"2017\/2018-as tan\u00e9v rendje"},"content":{"rendered":"<p><strong>Tan\u00e9v<\/strong><\/p>\n<p><strong><em>Els\u0151 tan\u00edt\u00e1si nap:<\/em><\/strong><\/p>\n<p>2017. szeptember 1. (p\u00e9ntek)<\/p>\n<p><strong><em>Utols\u00f3 tan\u00edt\u00e1si nap:<\/em><\/strong><\/p>\n<p>2018. j\u00fanius 15. (p\u00e9ntek)<\/p>\n<p><strong><em>Els\u0151 f\u00e9l\u00e9v v\u00e9ge:<\/em><\/strong><\/p>\n<p>2018. janu\u00e1r 26.<\/p>\n<p><strong><em>F\u00e9l\u00e9vi \u00e9rtes\u00edt\u0151k kiad\u00e1sa:<\/em><\/strong><\/p>\n<p>2018. februr \u00a002-ig<\/p>\n<p><strong><em>Tan\u00edt\u00e1si napok sz\u00e1ma:<\/em><\/strong><\/p>\n<p>180<\/p>\n<p><strong>\u0150szi sz\u00fcnet:<\/strong><\/p>\n<p>2017. okt\u00f3ber 30-t\u00f3l \u2013 november 03-ig tart<\/p>\n<p><em><strong>Sz\u00fcnet el\u0151tti utols\u00f3 tan\u00edt\u00e1si nap:<\/strong><\/em><\/p>\n<p>okt\u00f3ber 27. (p\u00e9ntek)<\/p>\n<p><em><strong>Sz\u00fcnet ut\u00e1ni els\u0151 tan\u00edt\u00e1si nap:<\/strong><\/em><\/p>\n<p>november 6. (h\u00e9tf\u0151)<\/p>\n<p><strong>T\u00e9li sz\u00fcnet:<\/strong><\/p>\n<p>2017. december 27-t\u0151l \u2013 2018. janu\u00e1r 02-ig tart<\/p>\n<p><em><strong>Sz\u00fcnet el\u0151tti utols\u00f3 tan\u00edt\u00e1si nap:<\/strong><\/em><\/p>\n<p>december 22. (p\u00e9ntek)<\/p>\n<p><em><strong>Sz\u00fcnet ut\u00e1ni els\u0151 tan\u00edt\u00e1si nap:<\/strong><\/em><\/p>\n<p>janu\u00e1r 3. (szerda)<\/p>\n<p><strong>Tavaszi sz\u00fcnet:<\/strong><\/p>\n<p><strong>\u00a0<\/strong>2018. m\u00e1rcius 29-t\u0151l \u2013 \u00e1prilis 03-ig tart<\/p>\n<p><em><strong>Sz\u00fcnet el\u0151tti utols\u00f3 tan\u00edt\u00e1si nap:<\/strong><\/em><\/p>\n<p>m\u00e1rcius 28. (szerda)<\/p>\n<p><em><strong>Sz\u00fcnet ut\u00e1ni els\u0151 tan\u00edt\u00e1si nap:<\/strong><\/em><\/p>\n<p>\u00e1prilis 04. (szerda)<\/p>\n<p><strong>M\u00e9r\u00e9sek:<\/strong><\/p>\n<p><em><strong>Kompetenciam\u00e9r\u00e9s (6. \u00e9s 8. \u00e9vfolyam) id\u0151pontja:<\/strong><\/em><\/p>\n<p>2018. m\u00e1jus 23.<\/p>\n<p><em><strong>Idegen nyelvi m\u00e9r\u00e9s (6. \u00e9s 8. \u00e9vfolyam) id\u0151pontja:<\/strong><\/em><\/p>\n<p>2018. m\u00e1jus 16.<\/p>\n<p>A fels\u0151s tanul\u00f3k fizikai \u00e1llapot\u00e1nak \u00e9s edzetts\u00e9g\u00e9nek vizsg\u00e1lata 2018. janu\u00e1r 9. \u00e9s 2018. \u00e1prilis 27. k\u00f6z\u00f6tt ker\u00fcl megszervez\u00e9sre.<\/p>\n<p><strong>T\u00e9mahetek:<\/strong><\/p>\n<p><em><strong>P\u00e9nz\u00fcgyi \u00e9s v\u00e1llalkoz\u00f3i:<\/strong><\/em><strong>\u00a0<\/strong><\/p>\n<p>2018. m\u00e1rcius 5-9.<\/p>\n<p><em><strong>Digit\u00e1lis:<\/strong><\/em><\/p>\n<p>2018. \u00e1prilis 9-13.<\/p>\n<p><em><strong>Fenntarthat\u00f3s\u00e1gi:<\/strong><\/em><\/p>\n<p>2018. \u00e1prilis 23-27.<\/p>\n<p>&nbsp;<\/p>\n<hr \/>\n<p>&nbsp;<\/p>\n<p>Sulyokn\u00e9 Kelemen Judit<br \/>\nint\u00e9zm\u00e9nyvezet\u0151<\/p>\n","protected":false},"excerpt":{"rendered":"<p>Tan\u00e9v Els\u0151 tan\u00edt\u00e1si nap: 2017. szeptember 1. (p\u00e9ntek) Utols\u00f3 tan\u00edt\u00e1si nap: 2018. j\u00fanius 15. (p\u00e9ntek) Els\u0151 f\u00e9l\u00e9v v\u00e9ge: 2018. janu\u00e1r 26. F\u00e9l\u00e9vi \u00e9rtes\u00edt\u0151k kiad\u00e1sa: 2018. februr \u00a002-ig Tan\u00edt\u00e1si napok sz\u00e1ma: 180 \u0150szi sz\u00fcnet: 2017. okt\u00f3ber 30-t\u00f3l \u2013 november 03-ig tart Sz\u00fcnet el\u0151tti utols\u00f3 tan\u00edt\u00e1si nap: okt\u00f3ber 27. (p\u00e9ntek) Sz\u00fcnet ut\u00e1ni els\u0151 tan\u00edt\u00e1si nap: november 6. [&hellip;]<\/p>\n","protected":false},"author":1,"featured_media":0,"parent":0,"menu_order":0,"comment_status":"closed","ping_status":"closed","template":"","meta":{"ngg_post_thumbnail":0,"footnotes":""},"class_list":["post-901","page","type-page","status-publish","hentry"],"_links":{"self":[{"href":"http:\/\/www.radnotiiskola.hu\/new\/wp-json\/wp\/v2\/pages\/901","targetHints":{"allow":["GET"]}}],"collection":[{"href":"http:\/\/www.radnotiiskola.hu\/new\/wp-json\/wp\/v2\/pages"}],"about":[{"href":"http:\/\/www.radnotiiskola.hu\/new\/wp-json\/wp\/v2\/types\/page"}],"author":[{"embeddable":true,"href":"http:\/\/www.radnotiiskola.hu\/new\/wp-json\/wp\/v2\/users\/1"}],"replies":[{"embeddable":true,"href":"http:\/\/www.radnotiiskola.hu\/new\/wp-json\/wp\/v2\/comments?post=901"}],"version-history":[{"count":0,"href":"http:\/\/www.radnotiiskola.hu\/new\/wp-json\/wp\/v2\/pages\/901\/revisions"}],"wp:attachment":[{"href":"http:\/\/www.radnotiiskola.hu\/new\/wp-json\/wp\/v2\/media?parent=901"}],"curies":[{"name":"wp","href":"https:\/\/api.w.org\/{rel}","templated":true}]}}

2017/2018-as tanév rendje

<p><strong>Tanév</strong></p>
<p><strong><em>Első tanítási nap:</em></strong></p>
<p>2017. szeptember 1. (péntek)</p>
<p><strong><em>Utolsó tanítási nap:</em></strong></p>
<p>2018. június 15. (péntek)</p>
<p><strong><em>Első félév vége:</em></strong></p>
<p>2018. január 26.</p>
<p><strong><em>Félévi értesítők kiadása:</em></strong></p>
<p>2018. februr  02-ig</p>
<p><strong><em>Tanítási napok száma:</em></strong></p>
<p>180</p>
<p><strong>Őszi szünet:</strong></p>
<p>2017. október 30-tól – november 03-ig tart</p>
<p><em><strong>Szünet előtti utolsó tanítási nap:</strong></em></p>
<p>október 27. (péntek)</p>
<p><em><strong>Szünet utáni első tanítási nap:</strong></em></p>
<p>november 6. (hétfő)</p>
<p><strong>Téli szünet:</strong></p>
<p>2017. december 27-től – 2018. január 02-ig tart</p>
<p><em><strong>Szünet előtti utolsó tanítási nap:</strong></em></p>
<p>december 22. (péntek)</p>
<p><em><strong>Szünet utáni első tanítási nap:</strong></em></p>
<p>január 3. (szerda)</p>
<p><strong>Tavaszi szünet:</strong></p>
<p><strong> </strong>2018. március 29-től – április 03-ig tart</p>
<p><em><strong>Szünet előtti utolsó tanítási nap:</strong></em></p>
<p>március 28. (szerda)</p>
<p><em><strong>Szünet utáni első tanítási nap:</strong></em></p>
<p>április 04. (szerda)</p>
<p><strong>Mérések:</strong></p>
<p><em><strong>Kompetenciamérés (6. és 8. évfolyam) időpontja:</strong></em></p>
<p>2018. május 23.</p>
<p><em><strong>Idegen nyelvi mérés (6. és 8. évfolyam) időpontja:</strong></em></p>
<p>2018. május 16.</p>
<p>A felsős tanulók fizikai állapotának és edzettségének vizsgálata 2018. január 9. és 2018. április 27. között kerül megszervezésre.</p>
<p><strong>Témahetek:</strong></p>
<p><em><strong>Pénzügyi és vállalkozói:</strong></em><strong> </strong></p>
<p>2018. március 5-9.</p>
<p><em><strong>Digitális:</strong></em></p>
<p>2018. április 9-13.</p>
<p><em><strong>Fenntarthatósági:</strong></em></p>
<p>2018. április 23-27.</p>
<p>&nbsp;</p>
<hr />
<p>&nbsp;</p>
<p>Sulyokné Kelemen Judit<br />
intézményvezető</p>

<p>Tanév Első tanítási nap: 2017. szeptember 1. (péntek) Utolsó tanítási nap: 2018. június 15. (péntek) Első félév vége: 2018. január 26. Félévi értesítők kiadása: 2018. februr  02-ig Tanítási napok száma: 180 Őszi szünet: 2017. október 30-tól – november 03-ig tart Szünet előtti utolsó tanítási nap: október 27. (péntek) Szünet utáni első tanítási nap: november 6. [&hellip;]</p>
